CRAN Package Check Results for Package shinyanimate

Last updated on 2025-11-24 09:50:46 CET.

Flavor Version Tinstall Tcheck Ttotal Status Flags
r-devel-linux-x86_64-debian-clang 0.4.0 2.58 33.76 36.34 NOTE
r-devel-linux-x86_64-debian-gcc 0.4.0 2.03 26.10 28.13 NOTE
r-devel-linux-x86_64-fedora-clang 0.4.0 52.24 OK
r-devel-linux-x86_64-fedora-gcc 0.4.0 49.21 OK
r-devel-windows-x86_64 0.4.0 6.00 54.00 60.00 OK
r-patched-linux-x86_64 0.4.0 2.70 30.99 33.69 OK
r-release-linux-x86_64 0.4.0 2.26 30.77 33.03 OK
r-release-macos-arm64 0.4.0 OK
r-release-macos-x86_64 0.4.0 2.00 32.00 34.00 OK
r-release-windows-x86_64 0.4.0 5.00 61.00 66.00 OK
r-oldrel-macos-arm64 0.4.0 OK
r-oldrel-macos-x86_64 0.4.0 2.00 27.00 29.00 OK
r-oldrel-windows-x86_64 0.4.0 6.00 59.00 65.00 OK

Check Details

Version: 0.4.0
Check: CRAN incoming feasibility
Result: NOTE Maintainer: ‘Swechhya Bista <swechhyabista@gmail.com>’ No Authors@R field in DESCRIPTION. Please add one, modifying Authors@R: person(given = "Swechhya", family = "Bista", role = c("aut", "cre"), email = "swechhyabista@gmail.com") as necessary. Flavors: r-devel-linux-x86_64-debian-clang, r-devel-linux-x86_64-debian-gcc