Last updated on 2025-11-04 10:53:44 CET.
| Flavor | Version | Tinstall | Tcheck | Ttotal | Status | Flags | 
|---|---|---|---|---|---|---|
| r-devel-linux-x86_64-debian-clang | 0.0.8 | 19.91 | 152.80 | 172.71 | NOTE | |
| r-devel-linux-x86_64-debian-gcc | 0.0.8 | 14.83 | 105.29 | 120.12 | NOTE | |
| r-devel-linux-x86_64-fedora-clang | 0.0.8 | 57.00 | 213.97 | 270.97 | NOTE | |
| r-devel-linux-x86_64-fedora-gcc | 0.0.8 | 39.00 | 224.36 | 263.36 | NOTE | |
| r-devel-windows-x86_64 | 0.0.8 | 21.00 | 134.00 | 155.00 | NOTE | |
| r-patched-linux-x86_64 | 0.0.8 | 19.60 | 143.11 | 162.71 | NOTE | |
| r-release-linux-x86_64 | 0.0.8 | 0.34 | 2.04 | 2.38 | ERROR | |
| r-release-macos-arm64 | 0.0.8 | 7.00 | 58.00 | 65.00 | NOTE | |
| r-release-macos-x86_64 | 0.0.8 | 16.00 | 131.00 | 147.00 | NOTE | |
| r-release-windows-x86_64 | 0.0.8 | 20.00 | 134.00 | 154.00 | NOTE | |
| r-oldrel-macos-arm64 | 0.0.8 | 7.00 | 59.00 | 66.00 | OK | |
| r-oldrel-macos-x86_64 | 0.0.8 | 11.00 | 92.00 | 103.00 | OK | |
| r-oldrel-windows-x86_64 | 0.0.8 | 27.00 | 175.00 | 202.00 | OK | 
Version: 0.0.8
Check: DESCRIPTION meta-information
Result: NOTE
    Missing dependency on R >= 4.1.0 because package code uses the pipe
    |> or function shorthand \(...) syntax added in R 4.1.0.
    File(s) using such syntax:
      ‘app_server.R’ ‘function.R’
Flavors: r-devel-linux-x86_64-debian-clang, r-devel-linux-x86_64-debian-gcc, r-devel-linux-x86_64-fedora-clang, r-devel-linux-x86_64-fedora-gcc, r-devel-windows-x86_64, r-patched-linux-x86_64, r-release-macos-arm64, r-release-macos-x86_64, r-release-windows-x86_64
Version: 0.0.8
Check: package dependencies
Result: ERROR
  Packages required but not available: 'ggtree', 'treeio'
  
  See section ‘The DESCRIPTION file’ in the ‘Writing R Extensions’
  manual.
Flavor: r-release-linux-x86_64