Last updated on 2025-11-23 12:50:03 CET.
| Flavor | Version | Tinstall | Tcheck | Ttotal | Status | Flags |
|---|---|---|---|---|---|---|
| r-devel-linux-x86_64-debian-clang | 0.3.1 | 7.37 | 66.39 | 73.76 | NOTE | |
| r-devel-linux-x86_64-debian-gcc | 0.3.1 | 4.38 | 49.29 | 53.67 | NOTE | |
| r-devel-linux-x86_64-fedora-clang | 0.3.1 | 17.00 | 94.64 | 111.64 | NOTE | |
| r-devel-linux-x86_64-fedora-gcc | 0.3.1 | 17.00 | 103.44 | 120.44 | NOTE | |
| r-devel-windows-x86_64 | 0.3.1 | 14.00 | 82.00 | 96.00 | NOTE | |
| r-patched-linux-x86_64 | 0.3.1 | 7.45 | 60.31 | 67.76 | NOTE | |
| r-release-linux-x86_64 | 0.3.1 | 6.76 | 60.30 | 67.06 | NOTE | |
| r-release-macos-arm64 | 0.3.1 | NOTE | ||||
| r-release-macos-x86_64 | 0.3.1 | 6.00 | 67.00 | 73.00 | NOTE | |
| r-release-windows-x86_64 | 0.3.1 | 9.00 | 98.00 | 107.00 | NOTE | |
| r-oldrel-macos-arm64 | 0.3.1 | OK | ||||
| r-oldrel-macos-x86_64 | 0.3.1 | 6.00 | 68.00 | 74.00 | OK | |
| r-oldrel-windows-x86_64 | 0.3.1 | 11.00 | 98.00 | 109.00 | OK |
Version: 0.3.1
Check: DESCRIPTION meta-information
Result: NOTE
Missing dependency on R >= 4.1.0 because package code uses the pipe
|> or function shorthand \(...) syntax added in R 4.1.0.
File(s) using such syntax:
‘filter_discrete.R’ ‘filter_query.R’ ‘renders.R’
Flavors: r-devel-linux-x86_64-debian-clang, r-devel-linux-x86_64-debian-gcc, r-devel-linux-x86_64-fedora-clang, r-devel-linux-x86_64-fedora-gcc, r-devel-windows-x86_64, r-patched-linux-x86_64, r-release-linux-x86_64, r-release-macos-arm64, r-release-macos-x86_64, r-release-windows-x86_64