CRAN Package Check Results for Package shapper

Last updated on 2025-11-20 11:51:24 CET.

Flavor Version Tinstall Tcheck Ttotal Status Flags
r-devel-linux-x86_64-debian-clang 0.1.3 10.40 98.30 108.70 NOTE
r-devel-linux-x86_64-debian-gcc 0.1.3 7.00 76.79 83.79 NOTE
r-devel-linux-x86_64-fedora-clang 0.1.3 21.00 150.77 171.77 OK
r-devel-linux-x86_64-fedora-gcc 0.1.3 20.00 158.19 178.19 OK
r-devel-windows-x86_64 0.1.3 13.00 138.00 151.00 OK
r-patched-linux-x86_64 0.1.3 9.80 92.79 102.59 OK
r-release-linux-x86_64 0.1.3 8.05 92.10 100.15 OK
r-release-macos-arm64 0.1.3 OK
r-release-macos-x86_64 0.1.3 8.00 93.00 101.00 OK
r-release-windows-x86_64 0.1.3 13.00 138.00 151.00 OK
r-oldrel-macos-arm64 0.1.3 NOTE
r-oldrel-macos-x86_64 0.1.3 7.00 69.00 76.00 NOTE
r-oldrel-windows-x86_64 0.1.3 16.00 144.00 160.00 NOTE

Check Details

Version: 0.1.3
Check: CRAN incoming feasibility
Result: NOTE Maintainer: ‘Szymon Maksymiuk <sz.maksymiuk@gmail.com>’ The Description field contains Lundberg, S., et al., (2016) <arXiv:1705.07874> The SHAP method is used Please refer to arXiv e-prints via their arXiv DOI <doi:10.48550/arXiv.YYMM.NNNNN>. Flavors: r-devel-linux-x86_64-debian-clang, r-devel-linux-x86_64-debian-gcc

Version: 0.1.3
Check: LazyData
Result: NOTE 'LazyData' is specified without a 'data' directory Flavors: r-oldrel-macos-arm64, r-oldrel-macos-x86_64, r-oldrel-windows-x86_64