Last updated on 2025-10-29 09:54:05 CET.
| Flavor | Version | Tinstall | Tcheck | Ttotal | Status | Flags | 
|---|---|---|---|---|---|---|
| r-devel-linux-x86_64-debian-clang | 1.0 | 1.82 | 20.14 | 21.96 | NOTE | |
| r-devel-linux-x86_64-debian-gcc | 1.0 | 1.43 | 16.66 | 18.09 | NOTE | |
| r-devel-linux-x86_64-fedora-clang | 1.0 | 31.62 | NOTE | |||
| r-devel-linux-x86_64-fedora-gcc | 1.0 | 30.59 | NOTE | |||
| r-devel-windows-x86_64 | 1.0 | 3.00 | 35.00 | 38.00 | NOTE | |
| r-patched-linux-x86_64 | 1.0 | 1.87 | 19.00 | 20.87 | NOTE | |
| r-release-linux-x86_64 | 1.0 | 1.72 | 19.09 | 20.81 | NOTE | |
| r-release-macos-arm64 | 1.0 | 1.00 | 16.00 | 17.00 | NOTE | |
| r-release-macos-x86_64 | 1.0 | 2.00 | 21.00 | 23.00 | NOTE | |
| r-release-windows-x86_64 | 1.0 | 3.00 | 40.00 | 43.00 | NOTE | |
| r-oldrel-macos-arm64 | 1.0 | 1.00 | 13.00 | 14.00 | OK | |
| r-oldrel-macos-x86_64 | 1.0 | 1.00 | 20.00 | 21.00 | OK | |
| r-oldrel-windows-x86_64 | 1.0 | 2.00 | 43.00 | 45.00 | OK | 
Version: 1.0
Check: DESCRIPTION meta-information
Result: NOTE
    Missing dependency on R >= 4.1.0 because package code uses the pipe
    |> or function shorthand \(...) syntax added in R 4.1.0.
    File(s) using such syntax:
      ‘selcorr.R’
Flavors: r-devel-linux-x86_64-debian-clang, r-devel-linux-x86_64-debian-gcc, r-devel-linux-x86_64-fedora-clang, r-devel-linux-x86_64-fedora-gcc, r-devel-windows-x86_64, r-patched-linux-x86_64, r-release-linux-x86_64, r-release-macos-arm64, r-release-macos-x86_64, r-release-windows-x86_64
Version: 1.0
Check: dependencies in R code
Result: NOTE
  Namespace in Imports field not imported from: ‘MASS’
    All declared Imports should be used.
Flavors: r-devel-linux-x86_64-fedora-clang, r-devel-linux-x86_64-fedora-gcc