Last updated on 2025-11-21 09:49:17 CET.
| Flavor | Version | Tinstall | Tcheck | Ttotal | Status | Flags |
|---|---|---|---|---|---|---|
| r-devel-linux-x86_64-debian-clang | 1.1.0 | 2.17 | 22.14 | 24.31 | OK | |
| r-devel-linux-x86_64-debian-gcc | 1.1.0 | 1.31 | 17.84 | 19.15 | OK | |
| r-devel-linux-x86_64-fedora-clang | 1.1.0 | 36.29 | OK | |||
| r-devel-linux-x86_64-fedora-gcc | 1.1.0 | 33.97 | OK | |||
| r-devel-windows-x86_64 | 1.1.0 | 4.00 | 39.00 | 43.00 | ERROR | |
| r-patched-linux-x86_64 | 1.1.0 | 2.48 | 20.51 | 22.99 | OK | |
| r-release-linux-x86_64 | 1.1.0 | 1.56 | 20.65 | 22.21 | OK | |
| r-release-macos-arm64 | 1.1.0 | OK | ||||
| r-release-macos-x86_64 | 1.1.0 | 2.00 | 22.00 | 24.00 | OK | |
| r-release-windows-x86_64 | 1.1.0 | 4.00 | 39.00 | 43.00 | ERROR | |
| r-oldrel-macos-arm64 | 1.1.0 | NOTE | ||||
| r-oldrel-macos-x86_64 | 1.1.0 | 2.00 | 21.00 | 23.00 | NOTE | |
| r-oldrel-windows-x86_64 | 1.1.0 | 3.00 | 43.00 | 46.00 | ERROR |
Version: 1.1.0
Check: examples
Result: ERROR
Running examples in 'seeclickfixr-Ex.R' failed
The error most likely occurred in:
> ### Name: list_places
> ### Title: Query sub-city neighborhoods in which issues can be reported.
> ### Aliases: list_places
>
> ### ** Examples
>
> list_places("Boston, MA",limit = 5)
Error: lexical error: invalid char in json text.
<!DOCTYPE html><html lang="en-U
(right here) ------^
Execution halted
Flavors: r-devel-windows-x86_64, r-release-windows-x86_64, r-oldrel-windows-x86_64
Version: 1.1.0
Check: LazyData
Result: NOTE
'LazyData' is specified without a 'data' directory
Flavors: r-oldrel-macos-arm64, r-oldrel-macos-x86_64, r-oldrel-windows-x86_64