Last updated on 2025-11-15 11:50:57 CET.
| Flavor | Version | Tinstall | Tcheck | Ttotal | Status | Flags |
|---|---|---|---|---|---|---|
| r-devel-linux-x86_64-debian-clang | 0.7.6 | 8.10 | 160.01 | 168.11 | NOTE | |
| r-devel-linux-x86_64-debian-gcc | 0.7.6 | 5.47 | 122.00 | 127.47 | NOTE | |
| r-devel-linux-x86_64-fedora-clang | 0.7.6 | 35.00 | 230.70 | 265.70 | OK | |
| r-devel-linux-x86_64-fedora-gcc | 0.7.6 | 39.00 | 246.44 | 285.44 | OK | |
| r-devel-windows-x86_64 | 0.7.6 | 13.00 | 207.00 | 220.00 | NOTE | |
| r-patched-linux-x86_64 | 0.7.6 | 8.16 | 156.34 | 164.50 | OK | |
| r-release-linux-x86_64 | 0.7.6 | 6.72 | 153.52 | 160.24 | OK | |
| r-release-macos-arm64 | 0.7.6 | 3.00 | 79.00 | 82.00 | OK | |
| r-release-macos-x86_64 | 0.7.6 | 8.00 | 184.00 | 192.00 | OK | |
| r-release-windows-x86_64 | 0.7.6 | 10.00 | 207.00 | 217.00 | OK | |
| r-oldrel-macos-arm64 | 0.7.6 | 3.00 | 90.00 | 93.00 | OK | |
| r-oldrel-macos-x86_64 | 0.7.6 | 6.00 | 190.00 | 196.00 | OK | |
| r-oldrel-windows-x86_64 | 0.7.6 | 14.00 | 259.00 | 273.00 | OK |
Version: 0.7.6
Check: Rd files
Result: NOTE
checkRd: (-1) N41.proxy.Rd:9-13: Only 2 columns allowed in this table (row 1 has 1)
checkRd: (-1) N41.proxy.details.Rd:9-27: Only 2 columns allowed in this table (row 1 has 1)
checkRd: (-1) stages.key.Rd:9-16: Only 2 columns allowed in this table (row 1 has 1)
Flavors: r-devel-linux-x86_64-debian-clang, r-devel-linux-x86_64-debian-gcc, r-devel-windows-x86_64