Last updated on 2025-10-31 09:50:29 CET.
| Flavor | Version | Tinstall | Tcheck | Ttotal | Status | Flags | 
|---|---|---|---|---|---|---|
| r-devel-linux-x86_64-debian-clang | 1.1-6 | 3.97 | 29.92 | 33.89 | NOTE | |
| r-devel-linux-x86_64-debian-gcc | 1.1-6 | 3.02 | 23.33 | 26.35 | NOTE | |
| r-devel-linux-x86_64-fedora-clang | 1.1-6 | 50.35 | OK | |||
| r-devel-linux-x86_64-fedora-gcc | 1.1-6 | 10.00 | 39.01 | 49.01 | OK | |
| r-devel-windows-x86_64 | 1.1-6 | 6.00 | 48.00 | 54.00 | OK | |
| r-patched-linux-x86_64 | 1.1-6 | 4.26 | 29.00 | 33.26 | OK | |
| r-release-linux-x86_64 | 1.1-6 | 4.02 | 28.53 | 32.55 | OK | |
| r-release-macos-arm64 | 1.1-6 | 3.00 | 16.00 | 19.00 | OK | |
| r-release-macos-x86_64 | 1.1-6 | 5.00 | 31.00 | 36.00 | OK | |
| r-release-windows-x86_64 | 1.1-6 | 33.00 | 51.00 | 84.00 | OK | |
| r-oldrel-macos-arm64 | 1.1-6 | 3.00 | 17.00 | 20.00 | OK | |
| r-oldrel-macos-x86_64 | 1.1-6 | 4.00 | 27.00 | 31.00 | OK | |
| r-oldrel-windows-x86_64 | 1.1-6 | 8.00 | 56.00 | 64.00 | OK | 
Version: 1.1-6
Check: CRAN incoming feasibility
Result: NOTE
  Maintainer: ‘Benjamin Baumgartner <benjamin@baumgrt.com>’
  
  Package CITATION file contains call(s) to old-style personList() or
  as.personList().  Please use c() on person objects instead.
  Package CITATION file contains call(s) to old-style citEntry().  Please
  use bibentry() instead.
Flavors: r-devel-linux-x86_64-debian-clang, r-devel-linux-x86_64-debian-gcc