Last updated on 2025-11-22 09:50:06 CET.
| Flavor | Version | Tinstall | Tcheck | Ttotal | Status | Flags |
|---|---|---|---|---|---|---|
| r-devel-linux-x86_64-debian-clang | 5.7.9 | 71.43 | 143.06 | 214.49 | OK | |
| r-devel-linux-x86_64-debian-gcc | 5.7.9 | 48.34 | 95.03 | 143.37 | OK | |
| r-devel-linux-x86_64-fedora-clang | 5.7.9 | 146.00 | 200.55 | 346.55 | OK | |
| r-devel-linux-x86_64-fedora-gcc | 5.7.9 | 172.00 | 165.21 | 337.21 | OK | |
| r-devel-windows-x86_64 | 5.7.9 | 90.00 | 159.00 | 249.00 | OK | |
| r-patched-linux-x86_64 | 5.7.9 | 74.82 | 127.45 | 202.27 | OK | |
| r-release-linux-x86_64 | 5.7.9 | 69.08 | 127.26 | 196.34 | OK | |
| r-release-macos-arm64 | 5.7.9 | OK | ||||
| r-release-macos-x86_64 | 5.7.9 | 37.00 | 186.00 | 223.00 | OK | |
| r-release-windows-x86_64 | 5.7.9 | 82.00 | 163.00 | 245.00 | OK | |
| r-oldrel-macos-arm64 | 5.7.9 | NOTE | ||||
| r-oldrel-macos-x86_64 | 5.7.9 | 32.00 | 103.00 | 135.00 | NOTE | |
| r-oldrel-windows-x86_64 | 5.7.9 | 103.00 | 208.00 | 311.00 | OK |
Version: 5.7.9
Check: installed package size
Result: NOTE
installed size is 7.0Mb
sub-directories of 1Mb or more:
libs 4.2Mb
Flavors: r-oldrel-macos-arm64, r-oldrel-macos-x86_64