Last updated on 2025-11-22 09:50:06 CET.
| Flavor | Version | Tinstall | Tcheck | Ttotal | Status | Flags |
|---|---|---|---|---|---|---|
| r-devel-linux-x86_64-debian-clang | 3.2.7 | 8.26 | 23.39 | 31.65 | OK | |
| r-devel-linux-x86_64-debian-gcc | 3.2.7 | 9.36 | 19.55 | 28.91 | OK | |
| r-devel-linux-x86_64-fedora-clang | 3.2.7 | 20.00 | 29.34 | 49.34 | OK | |
| r-devel-linux-x86_64-fedora-gcc | 3.2.7 | 35.00 | 20.11 | 55.11 | OK | |
| r-devel-windows-x86_64 | 3.2.7 | 50.00 | 44.00 | 94.00 | OK | |
| r-patched-linux-x86_64 | 3.2.7 | 11.12 | 21.97 | 33.09 | OK | |
| r-release-linux-x86_64 | 3.2.7 | 11.82 | 21.83 | 33.65 | OK | |
| r-release-macos-arm64 | 3.2.7 | OK | ||||
| r-release-macos-x86_64 | 3.2.7 | 16.00 | 49.00 | 65.00 | OK | |
| r-release-windows-x86_64 | 3.2.7 | 41.00 | 45.00 | 86.00 | OK | |
| r-oldrel-macos-arm64 | 3.2.7 | NOTE | ||||
| r-oldrel-macos-x86_64 | 3.2.7 | 17.00 | 41.00 | 58.00 | NOTE | |
| r-oldrel-windows-x86_64 | 3.2.7 | 48.00 | 49.00 | 97.00 | NOTE |
Version: 3.2.7
Check: for GNU extensions in Makefiles
Result: NOTE
GNU make is a SystemRequirements.
Flavors: r-oldrel-macos-arm64, r-oldrel-macos-x86_64, r-oldrel-windows-x86_64