CRAN Package Check Results for Package scISR

Last updated on 2025-10-22 09:50:51 CEST.

Flavor Version Tinstall Tcheck Ttotal Status Flags
r-devel-linux-x86_64-debian-clang 0.1.1 8.04 64.25 72.29 NOTE
r-devel-linux-x86_64-debian-gcc 0.1.1 5.39 48.25 53.64 NOTE
r-devel-linux-x86_64-fedora-clang 0.1.1 16.00 91.72 107.72 NOTE
r-devel-linux-x86_64-fedora-gcc 0.1.1 17.00 101.49 118.49 NOTE
r-devel-windows-x86_64 0.1.1 9.00 71.00 80.00 OK
r-patched-linux-x86_64 0.1.1 7.93 59.76 67.69 OK
r-release-linux-x86_64 0.1.1 6.34 60.91 67.25 OK
r-release-macos-arm64 0.1.1 5.00 33.00 38.00 OK
r-release-macos-x86_64 0.1.1 6.00 62.00 68.00 OK
r-release-windows-x86_64 0.1.1 8.00 72.00 80.00 OK
r-oldrel-macos-arm64 0.1.1 4.00 35.00 39.00 OK
r-oldrel-macos-x86_64 0.1.1 6.00 61.00 67.00 OK
r-oldrel-windows-x86_64 0.1.1 12.00 90.00 102.00 OK

Check Details

Version: 0.1.1
Check: CRAN incoming feasibility
Result: NOTE Maintainer: ‘Duc Tran <duct@nevada.unr.edu>’ Package CITATION file contains call(s) to old-style personList() or as.personList(). Please use c() on person objects instead. Package CITATION file contains call(s) to old-style citEntry(). Please use bibentry() instead. Flavors: r-devel-linux-x86_64-debian-clang, r-devel-linux-x86_64-debian-gcc

Version: 0.1.1
Check: dependencies in R code
Result: NOTE Namespace in Imports field not imported from: ‘markdown’ All declared Imports should be used. Flavors: r-devel-linux-x86_64-fedora-clang, r-devel-linux-x86_64-fedora-gcc