Last updated on 2025-11-23 12:50:02 CET.
| Flavor | Version | Tinstall | Tcheck | Ttotal | Status | Flags |
|---|---|---|---|---|---|---|
| r-devel-linux-x86_64-debian-clang | 1.0.4 | 1.57 | 19.89 | 21.46 | NOTE | |
| r-devel-linux-x86_64-debian-gcc | 1.0.4 | 1.35 | 16.15 | 17.50 | NOTE | |
| r-devel-linux-x86_64-fedora-clang | 1.0.4 | 31.21 | OK | |||
| r-devel-linux-x86_64-fedora-gcc | 1.0.4 | 31.25 | OK | |||
| r-devel-windows-x86_64 | 1.0.4 | 6.00 | 43.00 | 49.00 | OK | |
| r-patched-linux-x86_64 | 1.0.4 | 1.66 | 18.94 | 20.60 | OK | |
| r-release-linux-x86_64 | 1.0.4 | 1.69 | 19.02 | 20.71 | OK | |
| r-release-macos-arm64 | 1.0.4 | OK | ||||
| r-release-macos-x86_64 | 1.0.4 | 1.00 | 22.00 | 23.00 | OK | |
| r-release-windows-x86_64 | 1.0.4 | 4.00 | 55.00 | 59.00 | OK | |
| r-oldrel-macos-arm64 | 1.0.4 | NOTE | ||||
| r-oldrel-macos-x86_64 | 1.0.4 | 2.00 | 26.00 | 28.00 | NOTE | |
| r-oldrel-windows-x86_64 | 1.0.4 | 3.00 | 45.00 | 48.00 | NOTE |
Version: 1.0.4
Check: CRAN incoming feasibility
Result: NOTE
Maintainer: ‘Mauricio Santelices <m.santelicesa@gmail.com>’
No Authors@R field in DESCRIPTION.
Please add one, modifying
Authors@R: person(given = "Mauricio",
family = "Santelices",
role = c("aut", "cre"),
email = "m.santelicesa@gmail.com")
as necessary.
Flavors: r-devel-linux-x86_64-debian-clang, r-devel-linux-x86_64-debian-gcc
Version: 1.0.4
Check: LazyData
Result: NOTE
'LazyData' is specified without a 'data' directory
Flavors: r-oldrel-macos-arm64, r-oldrel-macos-x86_64, r-oldrel-windows-x86_64