Last updated on 2025-11-10 10:51:38 CET.
| Flavor | Version | Tinstall | Tcheck | Ttotal | Status | Flags |
|---|---|---|---|---|---|---|
| r-devel-linux-x86_64-debian-clang | 0.4-14.1 | 2.39 | 44.21 | 46.60 | NOTE | |
| r-devel-linux-x86_64-debian-gcc | 0.4-14.1 | 2.14 | 33.80 | 35.94 | NOTE | |
| r-devel-linux-x86_64-fedora-clang | 0.4-14.1 | 68.54 | NOTE | |||
| r-devel-linux-x86_64-fedora-gcc | 0.4-14.1 | 82.13 | NOTE | |||
| r-devel-windows-x86_64 | 0.4-14.1 | 5.00 | 71.00 | 76.00 | OK | |
| r-patched-linux-x86_64 | 0.4-14.1 | 3.36 | 42.47 | 45.83 | NOTE | |
| r-release-linux-x86_64 | 0.4-14.1 | 2.78 | 42.46 | 45.24 | NOTE | |
| r-release-macos-arm64 | 0.4-14.1 | 2.00 | 49.00 | 51.00 | OK | |
| r-release-macos-x86_64 | 0.4-14.1 | 3.00 | 80.00 | 83.00 | OK | |
| r-release-windows-x86_64 | 0.4-14.1 | 4.00 | 68.00 | 72.00 | OK | |
| r-oldrel-macos-arm64 | 0.4-14.1 | 1.00 | 29.00 | 30.00 | OK | |
| r-oldrel-macos-x86_64 | 0.4-14.1 | 2.00 | 54.00 | 56.00 | OK | |
| r-oldrel-windows-x86_64 | 0.4-14.1 | 5.00 | 79.00 | 84.00 | OK |
Version: 0.4-14.1
Check: for non-standard things in the check directory
Result: NOTE
Found the following files/directories:
‘test_addPageBreak.doc’ ‘test_addPlot.doc’ ‘test_addSessionInfo.doc’
‘test_addTable.doc’
Flavors: r-devel-linux-x86_64-debian-clang, r-devel-linux-x86_64-debian-gcc, r-devel-linux-x86_64-fedora-clang, r-devel-linux-x86_64-fedora-gcc, r-patched-linux-x86_64, r-release-linux-x86_64