Last updated on 2025-11-12 10:52:56 CET.
| Flavor | Version | Tinstall | Tcheck | Ttotal | Status | Flags |
|---|---|---|---|---|---|---|
| r-devel-linux-x86_64-debian-clang | 0.8.0 | 1.75 | 21.92 | 23.67 | OK | |
| r-devel-linux-x86_64-debian-gcc | 0.8.0 | 1.30 | 18.07 | 19.37 | OK | |
| r-devel-linux-x86_64-fedora-clang | 0.8.0 | 32.76 | OK | |||
| r-devel-linux-x86_64-fedora-gcc | 0.8.0 | 32.71 | OK | |||
| r-devel-windows-x86_64 | 0.8.0 | 6.00 | 44.00 | 50.00 | OK | |
| r-patched-linux-x86_64 | 0.8.0 | 1.62 | 19.83 | 21.45 | OK | |
| r-release-linux-x86_64 | 0.8.0 | 1.71 | 19.66 | 21.37 | OK | |
| r-release-macos-arm64 | 0.8.0 | 1.00 | 14.00 | 15.00 | OK | |
| r-release-macos-x86_64 | 0.8.0 | 2.00 | 31.00 | 33.00 | OK | |
| r-release-windows-x86_64 | 0.8.0 | 4.00 | 43.00 | 47.00 | OK | |
| r-oldrel-macos-arm64 | 0.8.0 | 1.00 | 14.00 | 15.00 | NOTE | |
| r-oldrel-macos-x86_64 | 0.8.0 | 1.00 | 22.00 | 23.00 | NOTE | |
| r-oldrel-windows-x86_64 | 0.8.0 | 6.00 | 46.00 | 52.00 | NOTE |
Version: 0.8.0
Check: LazyData
Result: NOTE
'LazyData' is specified without a 'data' directory
Flavors: r-oldrel-macos-arm64, r-oldrel-macos-x86_64, r-oldrel-windows-x86_64