Last updated on 2025-11-12 10:52:55 CET.
| Flavor | Version | Tinstall | Tcheck | Ttotal | Status | Flags |
|---|---|---|---|---|---|---|
| r-devel-linux-x86_64-debian-clang | 0.5.1 | 4.20 | 38.99 | 43.19 | NOTE | |
| r-devel-linux-x86_64-debian-gcc | 0.5.1 | 3.12 | 29.80 | 32.92 | NOTE | |
| r-devel-linux-x86_64-fedora-clang | 0.5.1 | 65.35 | OK | |||
| r-devel-linux-x86_64-fedora-gcc | 0.5.1 | 29.00 | 36.90 | 65.90 | OK | |
| r-devel-windows-x86_64 | 0.5.1 | 6.00 | 69.00 | 75.00 | OK | |
| r-patched-linux-x86_64 | 0.5.1 | 4.64 | 36.53 | 41.17 | OK | |
| r-release-linux-x86_64 | 0.5.1 | 4.55 | 36.74 | 41.29 | OK | |
| r-release-macos-arm64 | 0.5.1 | 2.00 | 27.00 | 29.00 | OK | |
| r-release-macos-x86_64 | 0.5.1 | 4.00 | 41.00 | 45.00 | OK | |
| r-release-windows-x86_64 | 0.5.1 | 6.00 | 62.00 | 68.00 | OK | |
| r-oldrel-macos-arm64 | 0.5.1 | 2.00 | 21.00 | 23.00 | OK | |
| r-oldrel-macos-x86_64 | 0.5.1 | 3.00 | 40.00 | 43.00 | OK | |
| r-oldrel-windows-x86_64 | 0.5.1 | 7.00 | 69.00 | 76.00 | OK |
Version: 0.5.1
Check: CRAN incoming feasibility
Result: NOTE
Maintainer: ‘Zhiyong Zhang <zhiyongzhang@nd.edu>’
No Authors@R field in DESCRIPTION.
Please add one, modifying
Authors@R: c(person(given = "Ke-Hai",
family = "Yuan",
role = "aut"),
person(given = "Zhiyong",
family = "Zhang",
role = c("aut", "cre"),
email = "zhiyongzhang@nd.edu"))
as necessary.
Flavors: r-devel-linux-x86_64-debian-clang, r-devel-linux-x86_64-debian-gcc