Last updated on 2025-11-15 11:50:56 CET.
| Flavor | Version | Tinstall | Tcheck | Ttotal | Status | Flags |
|---|---|---|---|---|---|---|
| r-devel-linux-x86_64-debian-clang | 0.3.12 | 15.68 | 114.15 | 129.83 | NOTE | |
| r-devel-linux-x86_64-debian-gcc | 0.3.12 | 9.61 | 77.92 | 87.53 | NOTE | |
| r-devel-linux-x86_64-fedora-clang | 0.3.12 | 32.00 | 128.98 | 160.98 | OK | |
| r-devel-linux-x86_64-fedora-gcc | 0.3.12 | 48.00 | 158.58 | 206.58 | OK | |
| r-devel-windows-x86_64 | 0.3.12 | 17.00 | 121.00 | 138.00 | NOTE | |
| r-patched-linux-x86_64 | 0.3.12 | 14.87 | 107.39 | 122.26 | NOTE | |
| r-release-linux-x86_64 | 0.3.12 | 13.67 | 106.42 | 120.09 | NOTE | |
| r-release-macos-arm64 | 0.3.12 | 8.00 | 39.00 | 47.00 | OK | |
| r-release-macos-x86_64 | 0.3.12 | 18.00 | 82.00 | 100.00 | OK | |
| r-release-windows-x86_64 | 0.3.12 | 16.00 | 121.00 | 137.00 | NOTE | |
| r-oldrel-macos-arm64 | 0.3.12 | 7.00 | 41.00 | 48.00 | OK | |
| r-oldrel-macos-x86_64 | 0.3.12 | 15.00 | 83.00 | 98.00 | OK | |
| r-oldrel-windows-x86_64 | 0.3.12 | 23.00 | 150.00 | 173.00 | NOTE |
Version: 0.3.12
Check: Rd cross-references
Result: NOTE
Found the following Rd file(s) with Rd \link{} targets missing package
anchors:
fanova.Rd: leveneTest, lmer, Anova
formatPvalue.Rd: noZero, formatCI
formatR.Rd: noZero, formatCI
ggBoxplot.Rd: ggplot, geom_boxplot
ggqq.Rd: ggplot
oneway.Rd: leveneTest
Please provide package anchors for all Rd \link{} targets not in the
package itself and the base packages.
Flavors: r-devel-linux-x86_64-debian-clang, r-devel-linux-x86_64-debian-gcc, r-devel-windows-x86_64, r-patched-linux-x86_64, r-release-linux-x86_64, r-release-windows-x86_64
Version: 0.3.12
Check: package dependencies
Result: NOTE
Package suggested but not available for checking: 'MBESS'
Flavor: r-oldrel-windows-x86_64