CRAN Package Check Results for Package robustlm

Last updated on 2025-11-13 09:51:01 CET.

Flavor Version Tinstall Tcheck Ttotal Status Flags
r-devel-linux-x86_64-debian-clang 0.1.0 2.13 32.30 34.43 OK
r-devel-linux-x86_64-debian-gcc 0.1.0 1.67 25.86 27.53 OK
r-devel-linux-x86_64-fedora-clang 0.1.0 57.75 OK
r-devel-linux-x86_64-fedora-gcc 0.1.0 69.10 OK
r-devel-windows-x86_64 0.1.0 4.00 48.00 52.00 OK
r-patched-linux-x86_64 0.1.0 2.02 30.98 33.00 OK
r-release-linux-x86_64 0.1.0 2.15 31.17 33.32 OK
r-release-macos-arm64 0.1.0 1.00 33.00 34.00 OK
r-release-macos-x86_64 0.1.0 2.00 46.00 48.00 OK
r-release-windows-x86_64 0.1.0 5.00 48.00 53.00 OK
r-oldrel-macos-arm64 0.1.0 1.00 25.00 26.00 NOTE
r-oldrel-macos-x86_64 0.1.0 2.00 34.00 36.00 NOTE
r-oldrel-windows-x86_64 0.1.0 3.00 58.00 61.00 NOTE

Check Details

Version: 0.1.0
Check: LazyData
Result: NOTE 'LazyData' is specified without a 'data' directory Flavors: r-oldrel-macos-arm64, r-oldrel-macos-x86_64, r-oldrel-windows-x86_64