Last updated on 2025-10-22 09:50:49 CEST.
Flavor | Version | Tinstall | Tcheck | Ttotal | Status | Flags |
---|---|---|---|---|---|---|
r-devel-linux-x86_64-debian-clang | 0.3.0 | 6.79 | 144.87 | 151.66 | NOTE | |
r-devel-linux-x86_64-debian-gcc | 0.3.0 | 4.91 | 97.22 | 102.13 | NOTE | |
r-devel-linux-x86_64-fedora-clang | 0.3.0 | 14.00 | 216.17 | 230.17 | OK | |
r-devel-linux-x86_64-fedora-gcc | 0.3.0 | 23.00 | 234.62 | 257.62 | OK | |
r-devel-windows-x86_64 | 0.3.0 | 8.00 | 156.00 | 164.00 | OK | |
r-patched-linux-x86_64 | 0.3.0 | 6.60 | 138.37 | 144.97 | OK | |
r-release-linux-x86_64 | 0.3.0 | 5.85 | 137.73 | 143.58 | OK | |
r-release-macos-arm64 | 0.3.0 | 4.00 | 72.00 | 76.00 | OK | |
r-release-macos-x86_64 | 0.3.0 | 9.00 | 167.00 | 176.00 | OK | |
r-release-windows-x86_64 | 0.3.0 | 7.00 | 159.00 | 166.00 | OK | |
r-oldrel-macos-arm64 | 0.3.0 | 3.00 | 63.00 | 66.00 | OK | |
r-oldrel-macos-x86_64 | 0.3.0 | 4.00 | 148.00 | 152.00 | OK | |
r-oldrel-windows-x86_64 | 0.3.0 | 9.00 | 199.00 | 208.00 | OK |
Version: 0.3.0
Check: HTML version of manual
Result: NOTE
Found the following HTML validation problems:
NEWS.html:47:79 (NEWS.Rd:17): Warning: missing </p> before <a>
NEWS.html:47:5 (NEWS.Rd:17): Warning: missing </a> before <a>
NEWS.html:47:202 (NEWS.Rd:17): Warning: inserting implicit <p>
NEWS.html:47:206 (NEWS.Rd:17): Warning: discarding unexpected </a>
NEWS.html:47:79 (NEWS.Rd:17): Warning: trimming empty <p>
NEWS.html:47:202 (NEWS.Rd:17): Warning: trimming empty <p>
Flavors: r-devel-linux-x86_64-debian-clang, r-devel-linux-x86_64-debian-gcc