Last updated on 2025-11-15 11:50:56 CET.
| Flavor | Version | Tinstall | Tcheck | Ttotal | Status | Flags |
|---|---|---|---|---|---|---|
| r-devel-linux-x86_64-debian-clang | 1.0 | 2.27 | 40.05 | 42.32 | NOTE | |
| r-devel-linux-x86_64-debian-gcc | 1.0 | 1.65 | 31.37 | 33.02 | NOTE | |
| r-devel-linux-x86_64-fedora-clang | 1.0 | 65.31 | OK | |||
| r-devel-linux-x86_64-fedora-gcc | 1.0 | 80.11 | OK | |||
| r-devel-windows-x86_64 | 1.0 | 5.00 | 60.00 | 65.00 | OK | |
| r-patched-linux-x86_64 | 1.0 | 2.26 | 39.45 | 41.71 | OK | |
| r-release-linux-x86_64 | 1.0 | 1.96 | 39.73 | 41.69 | OK | |
| r-release-macos-arm64 | 1.0 | 1.00 | 34.00 | 35.00 | OK | |
| r-release-macos-x86_64 | 1.0 | 2.00 | 56.00 | 58.00 | OK | |
| r-release-windows-x86_64 | 1.0 | 4.00 | 58.00 | 62.00 | OK | |
| r-oldrel-macos-arm64 | 1.0 | 1.00 | 27.00 | 28.00 | OK | |
| r-oldrel-macos-x86_64 | 1.0 | 2.00 | 42.00 | 44.00 | OK | |
| r-oldrel-windows-x86_64 | 1.0 | 5.00 | 71.00 | 76.00 | OK |
Version: 1.0
Check: CRAN incoming feasibility
Result: NOTE
Maintainer: ‘Lu Mao <lmao@biostat.wisc.edu>’
No Authors@R field in DESCRIPTION.
Please add one, modifying
Authors@R: person(given = "Lu",
family = "Mao",
role = c("aut", "cre"),
email = "lmao@biostat.wisc.edu")
as necessary.
Flavors: r-devel-linux-x86_64-debian-clang, r-devel-linux-x86_64-debian-gcc