CRAN Package Check Results for Package rmonocypher

Last updated on 2025-11-14 10:50:07 CET.

Flavor Version Tinstall Tcheck Ttotal Status Flags
r-devel-linux-x86_64-debian-clang 0.1.8 6.12 48.52 54.64 NOTE
r-devel-linux-x86_64-debian-gcc 0.1.8 4.47 35.22 39.69 NOTE
r-devel-linux-x86_64-fedora-clang 0.1.8 12.00 72.32 84.32 NOTE
r-devel-linux-x86_64-fedora-gcc 0.1.8 13.00 82.48 95.48 NOTE
r-devel-windows-x86_64 0.1.8 12.00 67.00 79.00 NOTE
r-patched-linux-x86_64 0.1.8 5.19 45.15 50.34 NOTE
r-release-linux-x86_64 0.1.8 4.86 44.12 48.98 NOTE
r-release-macos-arm64 0.1.8 4.00 40.00 44.00 NOTE
r-release-macos-x86_64 0.1.8 10.00 68.00 78.00 NOTE
r-release-windows-x86_64 0.1.8 11.00 66.00 77.00 NOTE
r-oldrel-macos-arm64 0.1.8 4.00 45.00 49.00 OK
r-oldrel-macos-x86_64 0.1.8 6.00 79.00 85.00 OK
r-oldrel-windows-x86_64 0.1.8 13.00 82.00 95.00 OK

Check Details

Version: 0.1.8
Check: DESCRIPTION meta-information
Result: NOTE Missing dependency on R >= 4.1.0 because package code uses the pipe |> or function shorthand \(...) syntax added in R 4.1.0. File(s) using such syntax: ‘decrypt.Rd’ ‘encrypt.Rd’ ‘encrypt_raw.Rd’ Flavors: r-devel-linux-x86_64-debian-clang, r-devel-linux-x86_64-debian-gcc, r-devel-linux-x86_64-fedora-clang, r-devel-linux-x86_64-fedora-gcc, r-devel-windows-x86_64, r-patched-linux-x86_64, r-release-linux-x86_64, r-release-macos-arm64, r-release-macos-x86_64, r-release-windows-x86_64