Last updated on 2025-11-14 10:50:06 CET.
| Flavor | Version | Tinstall | Tcheck | Ttotal | Status | Flags |
|---|---|---|---|---|---|---|
| r-devel-linux-x86_64-debian-clang | 1.6 | 15.86 | 146.99 | 162.85 | NOTE | |
| r-devel-linux-x86_64-debian-gcc | 1.6 | 12.49 | 102.30 | 114.79 | NOTE | |
| r-devel-linux-x86_64-fedora-clang | 1.6 | 35.00 | 219.79 | 254.79 | OK | |
| r-devel-linux-x86_64-fedora-gcc | 1.6 | 34.00 | 205.27 | 239.27 | OK | |
| r-devel-windows-x86_64 | 1.6 | 17.00 | 130.00 | 147.00 | OK | |
| r-patched-linux-x86_64 | 1.6 | 15.79 | 136.27 | 152.06 | OK | |
| r-release-linux-x86_64 | 1.6 | 15.43 | 137.87 | 153.30 | OK | |
| r-release-macos-arm64 | 1.6 | 6.00 | 51.00 | 57.00 | OK | |
| r-release-macos-x86_64 | 1.6 | 10.00 | 103.00 | 113.00 | OK | |
| r-release-windows-x86_64 | 1.6 | 16.00 | 130.00 | 146.00 | OK | |
| r-oldrel-macos-arm64 | 1.6 | 6.00 | 49.00 | 55.00 | OK | |
| r-oldrel-macos-x86_64 | 1.6 | 9.00 | 74.00 | 83.00 | OK | |
| r-oldrel-windows-x86_64 | 1.6 | 23.00 | 174.00 | 197.00 | OK |
Version: 1.6
Check: CRAN incoming feasibility
Result: NOTE
Maintainer: ‘Marshall Brown <mdbrown@fredhutch.org>’
No Authors@R field in DESCRIPTION.
Please add one, modifying
Authors@R: person(given = "Marshall",
family = "Brown",
role = c("aut", "cre"),
email = "mdbrown@fredhutch.org")
as necessary.
Flavors: r-devel-linux-x86_64-debian-clang, r-devel-linux-x86_64-debian-gcc