Last updated on 2025-11-08 09:50:57 CET.
| Flavor | Version | Tinstall | Tcheck | Ttotal | Status | Flags |
|---|---|---|---|---|---|---|
| r-devel-linux-x86_64-debian-clang | 1.4.0 | 11.14 | 170.72 | 181.86 | OK | |
| r-devel-linux-x86_64-debian-gcc | 1.4.0 | 7.01 | 116.82 | 123.83 | OK | |
| r-devel-linux-x86_64-fedora-clang | 1.4.0 | 14.00 | 153.07 | 167.07 | OK | |
| r-devel-linux-x86_64-fedora-gcc | 1.4.0 | 14.00 | 228.49 | 242.49 | NOTE | |
| r-devel-windows-x86_64 | 1.4.0 | 12.00 | 310.00 | 322.00 | OK | |
| r-patched-linux-x86_64 | 1.4.0 | 11.52 | 162.19 | 173.71 | OK | |
| r-release-linux-x86_64 | 1.4.0 | 9.69 | 159.79 | 169.48 | OK | |
| r-release-macos-arm64 | 1.4.0 | 4.00 | 122.00 | 126.00 | OK | |
| r-release-macos-x86_64 | 1.4.0 | 12.00 | 321.00 | 333.00 | OK | |
| r-release-windows-x86_64 | 1.4.0 | 12.00 | 187.00 | 199.00 | OK | |
| r-oldrel-macos-arm64 | 1.4.0 | 4.00 | 137.00 | 141.00 | OK | |
| r-oldrel-macos-x86_64 | 1.4.0 | 12.00 | 356.00 | 368.00 | OK | |
| r-oldrel-windows-x86_64 | 1.4.0 | 17.00 | 246.00 | 263.00 | OK |
Version: 1.4.0
Check: for non-standard things in the check directory
Result: NOTE
Found the following files/directories:
‘rnaturalearthhires’
Flavor: r-devel-linux-x86_64-fedora-gcc