Last updated on 2025-11-23 12:50:01 CET.
| Flavor | Version | Tinstall | Tcheck | Ttotal | Status | Flags |
|---|---|---|---|---|---|---|
| r-devel-linux-x86_64-debian-clang | 1.2.1 | 3.19 | 34.60 | 37.79 | NOTE | |
| r-devel-linux-x86_64-debian-gcc | 1.2.1 | 2.86 | 27.17 | 30.03 | NOTE | |
| r-devel-linux-x86_64-fedora-clang | 1.2.1 | 11.00 | 47.63 | 58.63 | NOTE | |
| r-devel-linux-x86_64-fedora-gcc | 1.2.1 | 53.00 | NOTE | |||
| r-devel-windows-x86_64 | 1.2.1 | 7.00 | 52.00 | 59.00 | NOTE | |
| r-patched-linux-x86_64 | 1.2.1 | 3.47 | 32.28 | 35.75 | NOTE | |
| r-release-linux-x86_64 | 1.2.1 | 3.18 | 32.32 | 35.50 | NOTE | |
| r-release-macos-arm64 | 1.2.1 | NOTE | ||||
| r-release-macos-x86_64 | 1.2.1 | 3.00 | 43.00 | 46.00 | NOTE | |
| r-release-windows-x86_64 | 1.2.1 | 6.00 | 61.00 | 67.00 | NOTE | |
| r-oldrel-macos-arm64 | 1.2.1 | NOTE | ||||
| r-oldrel-macos-x86_64 | 1.2.1 | 3.00 | 26.00 | 29.00 | NOTE | |
| r-oldrel-windows-x86_64 | 1.2.1 | 6.00 | 62.00 | 68.00 | NOTE |
Version: 1.2.1
Check: package subdirectories
Result: NOTE
Problems with news in ‘NEWS.md’:
No news entries found.
Flavors: r-devel-linux-x86_64-debian-clang, r-devel-linux-x86_64-debian-gcc, r-devel-linux-x86_64-fedora-clang, r-devel-linux-x86_64-fedora-gcc, r-devel-windows-x86_64, r-patched-linux-x86_64, r-release-linux-x86_64, r-release-macos-arm64, r-release-macos-x86_64, r-release-windows-x86_64, r-oldrel-macos-arm64, r-oldrel-macos-x86_64, r-oldrel-windows-x86_64