CRAN Package Check Results for Package rfoaas

Last updated on 2025-11-02 11:50:33 CET.

Flavor Version Tinstall Tcheck Ttotal Status Flags
r-devel-linux-x86_64-debian-clang 2.3.2 1.95 21.74 23.69 NOTE
r-devel-linux-x86_64-debian-gcc 2.3.2 1.36 18.24 19.60 NOTE
r-devel-linux-x86_64-fedora-clang 2.3.2 33.81 OK
r-devel-linux-x86_64-fedora-gcc 2.3.2 32.53 OK
r-devel-windows-x86_64 2.3.2 3.00 40.00 43.00 OK
r-patched-linux-x86_64 2.3.2 1.73 19.55 21.28 OK
r-release-linux-x86_64 2.3.2 1.91 19.27 21.18 OK
r-release-macos-arm64 2.3.2 2.00 17.00 19.00 OK
r-release-macos-x86_64 2.3.2 2.00 22.00 24.00 OK
r-release-windows-x86_64 2.3.2 3.00 38.00 41.00 OK
r-oldrel-macos-arm64 2.3.2 1.00 15.00 16.00 OK
r-oldrel-macos-x86_64 2.3.2 2.00 19.00 21.00 OK
r-oldrel-windows-x86_64 2.3.2 3.00 44.00 47.00 OK

Check Details

Version: 2.3.2
Check: CRAN incoming feasibility
Result: NOTE Maintainer: ‘Dirk Eddelbuettel <edd@debian.org>’ No Authors@R field in DESCRIPTION. Please add one, modifying Authors@R: person(given = "Dirk", family = "Eddelbuettel", role = c("aut", "cre"), email = "edd@debian.org") as necessary. Flavors: r-devel-linux-x86_64-debian-clang, r-devel-linux-x86_64-debian-gcc