CRAN Package Check Results for Package request

Last updated on 2025-07-23 10:50:28 CEST.

Flavor Version Tinstall Tcheck Ttotal Status Flags
r-devel-linux-x86_64-debian-clang 0.1.0 3.23 24.09 27.32 NOTE
r-devel-linux-x86_64-debian-gcc 0.1.0 2.49 19.45 21.94 NOTE
r-devel-linux-x86_64-fedora-clang 0.1.0 40.79 OK
r-devel-linux-x86_64-fedora-gcc 0.1.0 38.09 OK
r-devel-windows-x86_64 0.1.0 4.00 44.00 48.00 OK
r-patched-linux-x86_64 0.1.0 2.89 21.73 24.62 OK
r-release-linux-x86_64 0.1.0 3.00 21.34 24.34 OK
r-release-macos-arm64 0.1.0 20.00 OK
r-release-macos-x86_64 0.1.0 29.00 OK
r-release-windows-x86_64 0.1.0 5.00 44.00 49.00 OK
r-oldrel-macos-arm64 0.1.0 17.00 OK
r-oldrel-macos-x86_64 0.1.0 24.00 OK
r-oldrel-windows-x86_64 0.1.0 6.00 52.00 58.00 OK

Check Details

Version: 0.1.0
Check: CRAN incoming feasibility
Result: NOTE Maintainer: ‘Scott Chamberlain <myrmecocystus@gmail.com>’ Found the following (possibly) invalid file URI: URI: CONDUCT.md From: README.md Flavors: r-devel-linux-x86_64-debian-clang, r-devel-linux-x86_64-debian-gcc