Last updated on 2025-10-28 10:51:05 CET.
| Flavor | Version | Tinstall | Tcheck | Ttotal | Status | Flags | 
|---|---|---|---|---|---|---|
| r-devel-linux-x86_64-debian-clang | 1.0-5 | 2.48 | 28.85 | 31.33 | NOTE | |
| r-devel-linux-x86_64-debian-gcc | 1.0-5 | 1.79 | 23.49 | 25.28 | NOTE | |
| r-devel-linux-x86_64-fedora-clang | 1.0-5 | 46.71 | OK | |||
| r-devel-linux-x86_64-fedora-gcc | 1.0-5 | 43.75 | OK | |||
| r-devel-windows-x86_64 | 1.0-5 | 3.00 | 52.00 | 55.00 | OK | |
| r-patched-linux-x86_64 | 1.0-5 | 2.63 | 27.49 | 30.12 | OK | |
| r-release-linux-x86_64 | 1.0-5 | 2.38 | 27.58 | 29.96 | OK | |
| r-release-macos-arm64 | 1.0-5 | 2.00 | 21.00 | 23.00 | OK | |
| r-release-macos-x86_64 | 1.0-5 | 5.00 | 46.00 | 51.00 | OK | |
| r-release-windows-x86_64 | 1.0-5 | 5.00 | 53.00 | 58.00 | OK | |
| r-oldrel-macos-arm64 | 1.0-5 | 1.00 | 22.00 | 23.00 | OK | |
| r-oldrel-macos-x86_64 | 1.0-5 | 2.00 | 27.00 | 29.00 | OK | |
| r-oldrel-windows-x86_64 | 1.0-5 | 3.00 | 56.00 | 59.00 | OK | 
Version: 1.0-5
Check: CRAN incoming feasibility
Result: NOTE
  Maintainer: ‘David Firth <d.firth@warwick.ac.uk>’
  
  No Authors@R field in DESCRIPTION.
  Please add one, modifying
    Authors@R: c(person(given = c("David", "Firth", "with", "contributions", "from", "Heather"),
                        family = "Turner",
                        role = "aut"),
                 person(given = "John",
                        family = "Fox",
                        role = "aut"),
                 person(given = "David",
                        family = "Firth",
                        role = "cre",
                        email = "d.firth@warwick.ac.uk"))
  as necessary.
Flavors: r-devel-linux-x86_64-debian-clang, r-devel-linux-x86_64-debian-gcc