Last updated on 2025-10-31 09:50:28 CET.
| Flavor | Version | Tinstall | Tcheck | Ttotal | Status | Flags | 
|---|---|---|---|---|---|---|
| r-devel-linux-x86_64-debian-clang | 3.2.2 | 11.42 | 184.19 | 195.61 | NOTE | |
| r-devel-linux-x86_64-debian-gcc | 3.2.2 | 8.08 | 128.76 | 136.84 | NOTE | |
| r-devel-linux-x86_64-fedora-clang | 3.2.2 | 23.00 | 272.23 | 295.23 | NOTE | |
| r-devel-linux-x86_64-fedora-gcc | 3.2.2 | 21.00 | 289.09 | 310.09 | NOTE | |
| r-devel-windows-x86_64 | 3.2.2 | 22.00 | 255.00 | 277.00 | NOTE | |
| r-patched-linux-x86_64 | 3.2.2 | 11.13 | 178.00 | 189.13 | NOTE | |
| r-release-linux-x86_64 | 3.2.2 | 9.62 | 180.38 | 190.00 | NOTE | |
| r-release-macos-arm64 | 3.2.2 | 8.00 | 96.00 | 104.00 | NOTE | |
| r-release-macos-x86_64 | 3.2.2 | 13.00 | 215.00 | 228.00 | NOTE | |
| r-release-windows-x86_64 | 3.2.2 | 22.00 | 248.00 | 270.00 | NOTE | |
| r-oldrel-macos-arm64 | 3.2.2 | 6.00 | 85.00 | 91.00 | NOTE | |
| r-oldrel-macos-x86_64 | 3.2.2 | 7.00 | 139.00 | 146.00 | NOTE | |
| r-oldrel-windows-x86_64 | 3.2.2 | 25.00 | 324.00 | 349.00 | NOTE | 
Version: 3.2.2
Check: Rd files
Result: NOTE
  checkRd: (-1) plot.ehh.Rd:27: Lost braces
      27 | \item{type}{plot type (see code{\link[graphics]{plot.default}} and \code{\link[graphics]{matplot}}). 
         |                                ^
  checkRd: (-1) plot.ehhs.Rd:27: Lost braces
      27 | \item{type}{plot type (see code{\link[graphics]{plot.default}}.
         |                                ^
Flavors: r-devel-linux-x86_64-debian-clang, r-devel-linux-x86_64-debian-gcc, r-devel-linux-x86_64-fedora-clang, r-devel-linux-x86_64-fedora-gcc, r-devel-windows-x86_64, r-patched-linux-x86_64, r-release-linux-x86_64, r-release-macos-arm64, r-release-macos-x86_64, r-release-windows-x86_64, r-oldrel-macos-arm64, r-oldrel-macos-x86_64, r-oldrel-windows-x86_64
Version: 3.2.2
Check: compiled code
Result: NOTE
  File ‘rehh/libs/rehh.so’:
    Found non-API call to R: ‘SETLENGTH’
  
  Compiled code should not call non-API entry points in R.
  
  See ‘Writing portable packages’ in the ‘Writing R Extensions’ manual,
  and section ‘Moving into C API compliance’ for issues with the use of
  non-API entry points.
Flavors: r-devel-linux-x86_64-debian-clang, r-devel-linux-x86_64-debian-gcc, r-devel-linux-x86_64-fedora-clang, r-devel-linux-x86_64-fedora-gcc, r-patched-linux-x86_64, r-release-linux-x86_64, r-release-macos-arm64, r-release-macos-x86_64
Version: 3.2.2
Check: compiled code
Result: NOTE
  File 'rehh/libs/x64/rehh.dll':
    Found non-API call to R: 'SETLENGTH'
  
  Compiled code should not call non-API entry points in R.
  
  See 'Writing portable packages' in the 'Writing R Extensions' manual,
  and section 'Moving into C API compliance' for issues with the use of
  non-API entry points.
Flavors: r-devel-windows-x86_64, r-release-windows-x86_64