CRAN Package Check Results for Package refset

Last updated on 2025-11-15 11:50:55 CET.

Flavor Version Tinstall Tcheck Ttotal Status Flags
r-devel-linux-x86_64-debian-clang 0.1.1 1.72 26.88 28.60 NOTE
r-devel-linux-x86_64-debian-gcc 0.1.1 1.41 22.47 23.88 NOTE
r-devel-linux-x86_64-fedora-clang 0.1.1 43.31 OK
r-devel-linux-x86_64-fedora-gcc 0.1.1 57.39 OK
r-devel-windows-x86_64 0.1.1 6.00 46.00 52.00 OK
r-patched-linux-x86_64 0.1.1 1.94 24.74 26.68 OK
r-release-linux-x86_64 0.1.1 1.57 24.75 26.32 OK
r-release-macos-arm64 0.1.1 1.00 29.00 30.00 OK
r-release-macos-x86_64 0.1.1 2.00 48.00 50.00 OK
r-release-windows-x86_64 0.1.1 3.00 44.00 47.00 OK
r-oldrel-macos-arm64 0.1.1 1.00 21.00 22.00 OK
r-oldrel-macos-x86_64 0.1.1 1.00 35.00 36.00 OK
r-oldrel-windows-x86_64 0.1.1 4.00 49.00 53.00 OK

Check Details

Version: 0.1.1
Check: CRAN incoming feasibility
Result: NOTE Maintainer: ‘"David Hugh-Jones" <davidhughjones@gmail.com>’ No Authors@R field in DESCRIPTION. Please add one, modifying Authors@R: person(given = "\"David", family = "Hugh-Jones\"", role = c("aut", "cre"), email = "davidhughjones@gmail.com") as necessary. Flavors: r-devel-linux-x86_64-debian-clang, r-devel-linux-x86_64-debian-gcc