Last updated on 2025-11-23 12:50:01 CET.
| Flavor | Version | Tinstall | Tcheck | Ttotal | Status | Flags |
|---|---|---|---|---|---|---|
| r-devel-linux-x86_64-debian-clang | 0.2-0 | 7.42 | 61.11 | 68.53 | NOTE | |
| r-devel-linux-x86_64-debian-gcc | 0.2-0 | 5.15 | 48.42 | 53.57 | NOTE | |
| r-devel-linux-x86_64-fedora-clang | 0.2-0 | 13.00 | 88.15 | 101.15 | OK | |
| r-devel-linux-x86_64-fedora-gcc | 0.2-0 | 27.00 | 75.05 | 102.05 | OK | |
| r-devel-windows-x86_64 | 0.2-0 | 9.00 | 68.00 | 77.00 | OK | |
| r-patched-linux-x86_64 | 0.2-0 | 6.82 | 58.82 | 65.64 | OK | |
| r-release-linux-x86_64 | 0.2-0 | 6.10 | 59.35 | 65.45 | OK | |
| r-release-macos-arm64 | 0.2-0 | OK | ||||
| r-release-macos-x86_64 | 0.2-0 | 5.00 | 53.00 | 58.00 | OK | |
| r-release-windows-x86_64 | 0.2-0 | 8.00 | 82.00 | 90.00 | OK | |
| r-oldrel-macos-arm64 | 0.2-0 | NOTE | ||||
| r-oldrel-macos-x86_64 | 0.2-0 | 5.00 | 43.00 | 48.00 | NOTE | |
| r-oldrel-windows-x86_64 | 0.2-0 | 11.00 | 86.00 | 97.00 | NOTE |
Version: 0.2-0
Check: CRAN incoming feasibility
Result: NOTE
Maintainer: ‘Michael Hahsler <mhahsler@smu.edu>’
No Authors@R field in DESCRIPTION.
Please add one, modifying
Authors@R: person(given = "Michael",
family = "Hahsler",
role = c("aut", "cre"),
email = "mhahsler@smu.edu")
as necessary.
Flavors: r-devel-linux-x86_64-debian-clang, r-devel-linux-x86_64-debian-gcc
Version: 0.2-0
Check: installed package size
Result: NOTE
installed size is 9.1Mb
sub-directories of 1Mb or more:
data 9.0Mb
Flavors: r-oldrel-macos-arm64, r-oldrel-macos-x86_64, r-oldrel-windows-x86_64