Last updated on 2025-11-10 10:51:35 CET.
| Flavor | Version | Tinstall | Tcheck | Ttotal | Status | Flags |
|---|---|---|---|---|---|---|
| r-devel-linux-x86_64-debian-clang | 2.2.8 | 47.62 | 250.22 | 297.84 | OK | |
| r-devel-linux-x86_64-debian-gcc | 2.2.8 | 38.31 | 166.25 | 204.56 | OK | |
| r-devel-linux-x86_64-fedora-clang | 2.2.8 | 105.00 | 366.25 | 471.25 | OK | |
| r-devel-linux-x86_64-fedora-gcc | 2.2.8 | 114.00 | 347.03 | 461.03 | OK | |
| r-devel-windows-x86_64 | 2.2.8 | 56.00 | 253.00 | 309.00 | OK | |
| r-patched-linux-x86_64 | 2.2.8 | 49.36 | 232.39 | 281.75 | OK | |
| r-release-linux-x86_64 | 2.2.8 | 48.75 | 233.98 | 282.73 | OK | |
| r-release-macos-arm64 | 2.2.8 | 21.00 | 107.00 | 128.00 | OK | |
| r-release-macos-x86_64 | 2.2.8 | 40.00 | 219.00 | 259.00 | OK | |
| r-release-windows-x86_64 | 2.2.8 | 54.00 | 250.00 | 304.00 | OK | |
| r-oldrel-macos-arm64 | 2.2.8 | 19.00 | 111.00 | 130.00 | NOTE | |
| r-oldrel-macos-x86_64 | 2.2.8 | 48.00 | 219.00 | 267.00 | NOTE | |
| r-oldrel-windows-x86_64 | 2.2.8 | 72.00 | 330.00 | 402.00 | OK |
Version: 2.2.8
Check: installed package size
Result: NOTE
installed size is 5.7Mb
sub-directories of 1Mb or more:
libs 4.5Mb
Flavors: r-oldrel-macos-arm64, r-oldrel-macos-x86_64