Last updated on 2025-11-11 10:50:11 CET.
| Flavor | Version | Tinstall | Tcheck | Ttotal | Status | Flags |
|---|---|---|---|---|---|---|
| r-devel-linux-x86_64-debian-clang | 1.5.0 | 222.49 | 38.03 | 260.52 | OK | |
| r-devel-linux-x86_64-debian-gcc | 1.5.0 | 232.37 | 29.29 | 261.66 | OK | |
| r-devel-linux-x86_64-fedora-clang | 1.5.0 | 402.00 | 16.77 | 418.77 | OK | |
| r-devel-linux-x86_64-fedora-gcc | 1.5.0 | 371.00 | 309.86 | 680.86 | OK | |
| r-devel-windows-x86_64 | 1.5.0 | 342.00 | 105.00 | 447.00 | OK | |
| r-patched-linux-x86_64 | 1.5.0 | 331.67 | 34.65 | 366.32 | OK | |
| r-release-linux-x86_64 | 1.5.0 | 323.79 | 34.66 | 358.45 | OK | |
| r-release-macos-arm64 | 1.5.0 | 100.00 | 25.00 | 125.00 | OK | |
| r-release-macos-x86_64 | 1.5.0 | 87.00 | 42.00 | 129.00 | OK | |
| r-release-windows-x86_64 | 1.5.0 | 335.00 | 108.00 | 443.00 | OK | |
| r-oldrel-macos-arm64 | 1.5.0 | 107.00 | 30.00 | 137.00 | NOTE | |
| r-oldrel-macos-x86_64 | 1.5.0 | 99.00 | 46.00 | 145.00 | NOTE | |
| r-oldrel-windows-x86_64 | 1.5.0 | 371.00 | 136.00 | 507.00 | NOTE |
Version: 1.5.0
Check: installed package size
Result: NOTE
installed size is 49.7Mb
sub-directories of 1Mb or more:
libs 49.4Mb
Flavors: r-oldrel-macos-arm64, r-oldrel-macos-x86_64, r-oldrel-windows-x86_64