Last updated on 2025-11-01 10:49:51 CET.
| Flavor | Version | Tinstall | Tcheck | Ttotal | Status | Flags |
|---|---|---|---|---|---|---|
| r-devel-linux-x86_64-debian-clang | 0.1.1 | 5.56 | 59.75 | 65.31 | OK | |
| r-devel-linux-x86_64-debian-gcc | 0.1.1 | 3.89 | 44.62 | 48.51 | OK | |
| r-devel-linux-x86_64-fedora-clang | 0.1.1 | 12.00 | 86.69 | 98.69 | NOTE | |
| r-devel-linux-x86_64-fedora-gcc | 0.1.1 | 12.00 | 95.89 | 107.89 | NOTE | |
| r-devel-windows-x86_64 | 0.1.1 | 9.00 | 78.00 | 87.00 | OK | |
| r-patched-linux-x86_64 | 0.1.1 | 5.33 | 54.17 | 59.50 | OK | |
| r-release-linux-x86_64 | 0.1.1 | 4.88 | 54.21 | 59.09 | OK | |
| r-release-macos-arm64 | 0.1.1 | 3.00 | 43.00 | 46.00 | OK | |
| r-release-macos-x86_64 | 0.1.1 | 12.00 | 92.00 | 104.00 | OK | |
| r-release-windows-x86_64 | 0.1.1 | 12.00 | 79.00 | 91.00 | OK | |
| r-oldrel-macos-arm64 | 0.1.1 | 3.00 | 39.00 | 42.00 | OK | |
| r-oldrel-macos-x86_64 | 0.1.1 | 5.00 | 63.00 | 68.00 | OK | |
| r-oldrel-windows-x86_64 | 0.1.1 | 14.00 | 98.00 | 112.00 | OK |
Version: 0.1.1
Check: dependencies in R code
Result: NOTE
Namespace in Imports field not imported from: ‘readr’
All declared Imports should be used.
Flavors: r-devel-linux-x86_64-fedora-clang, r-devel-linux-x86_64-fedora-gcc