Last updated on 2025-10-27 09:50:43 CET.
| Flavor | Version | Tinstall | Tcheck | Ttotal | Status | Flags | 
|---|---|---|---|---|---|---|
| r-devel-linux-x86_64-debian-clang | 0.1.3 | 2.16 | 18.94 | 21.10 | NOTE | |
| r-devel-linux-x86_64-debian-gcc | 0.1.3 | 1.76 | 15.78 | 17.54 | NOTE | |
| r-devel-linux-x86_64-fedora-clang | 0.1.3 | 31.61 | NOTE | |||
| r-devel-linux-x86_64-fedora-gcc | 0.1.3 | 30.87 | NOTE | |||
| r-devel-windows-x86_64 | 0.1.3 | 5.00 | 36.00 | 41.00 | NOTE | |
| r-patched-linux-x86_64 | 0.1.3 | 2.15 | 18.03 | 20.18 | NOTE | |
| r-release-linux-x86_64 | 0.1.3 | 2.15 | 18.17 | 20.32 | NOTE | |
| r-release-macos-arm64 | 0.1.3 | 2.00 | 14.00 | 16.00 | NOTE | |
| r-release-macos-x86_64 | 0.1.3 | 4.00 | 20.00 | 24.00 | NOTE | |
| r-release-windows-x86_64 | 0.1.3 | 5.00 | 41.00 | 46.00 | NOTE | |
| r-oldrel-macos-arm64 | 0.1.3 | 2.00 | 14.00 | 16.00 | NOTE | |
| r-oldrel-macos-x86_64 | 0.1.3 | 3.00 | 18.00 | 21.00 | NOTE | |
| r-oldrel-windows-x86_64 | 0.1.3 | 6.00 | 36.00 | 42.00 | NOTE | 
Version: 0.1.3
Check: CRAN incoming feasibility
Result: NOTE
  Maintainer: ‘Radford Neal <radfordneal@gmail.com>’
  
  No Authors@R field in DESCRIPTION.
  Please add one, modifying
    Authors@R: person(given = "Radford",
                      family = "Neal",
                      role = c("aut", "cre"),
                      email = "radfordneal@gmail.com")
  as necessary.
Flavors: r-devel-linux-x86_64-debian-clang, r-devel-linux-x86_64-debian-gcc
Version: 0.1.3
Check: compiled code
Result: NOTE
  File ‘quotedargs/libs/quotedargs.so’:
    Found non-API calls to R: ‘ENCLOS’, ‘LEVELS’, ‘PRCODE’, ‘PRENV’,
      ‘PRVALUE’, ‘Rf_allocSExp’, ‘SETLEVELS’, ‘SET_NAMED’, ‘SET_PRCODE’,
      ‘SET_PRENV’, ‘SET_PRVALUE’
  
  Compiled code should not call non-API entry points in R.
  
  See ‘Writing portable packages’ in the ‘Writing R Extensions’ manual,
  and section ‘Moving into C API compliance’ for issues with the use of
  non-API entry points.
Flavors: r-devel-linux-x86_64-debian-clang, r-devel-linux-x86_64-debian-gcc, r-devel-linux-x86_64-fedora-clang, r-devel-linux-x86_64-fedora-gcc, r-patched-linux-x86_64, r-release-linux-x86_64, r-release-macos-arm64, r-release-macos-x86_64
Version: 0.1.3
Check: compiled code
Result: NOTE
  File 'quotedargs/libs/x64/quotedargs.dll':
    Found non-API calls to R: 'ENCLOS', 'LEVELS', 'PRCODE', 'PRENV',
      'PRVALUE', 'Rf_allocSExp', 'SETLEVELS', 'SET_NAMED', 'SET_PRCODE',
      'SET_PRENV', 'SET_PRVALUE'
  
  Compiled code should not call non-API entry points in R.
  
  See 'Writing portable packages' in the 'Writing R Extensions' manual,
  and section 'Moving into C API compliance' for issues with the use of
  non-API entry points.
Flavors: r-devel-windows-x86_64, r-release-windows-x86_64
Version: 0.1.3
Check: LazyData
Result: NOTE
    'LazyData' is specified without a 'data' directory
Flavors: r-oldrel-macos-arm64, r-oldrel-macos-x86_64, r-oldrel-windows-x86_64