Last updated on 2025-10-26 10:50:01 CET.
| Flavor | Version | Tinstall | Tcheck | Ttotal | Status | Flags |
|---|---|---|---|---|---|---|
| r-devel-linux-x86_64-debian-clang | 0.1.0 | 4.43 | 34.97 | 39.40 | OK | |
| r-devel-linux-x86_64-debian-gcc | 0.1.0 | 3.15 | 26.27 | 29.42 | OK | |
| r-devel-linux-x86_64-fedora-clang | 0.1.0 | 17.00 | 46.96 | 63.96 | OK | |
| r-devel-linux-x86_64-fedora-gcc | 0.1.0 | 10.00 | 46.31 | 56.31 | OK | |
| r-devel-windows-x86_64 | 0.1.0 | 6.00 | 50.00 | 56.00 | OK | |
| r-patched-linux-x86_64 | 0.1.0 | 4.15 | 32.91 | 37.06 | OK | |
| r-release-linux-x86_64 | 0.1.0 | 4.37 | 32.74 | 37.11 | OK | |
| r-release-macos-arm64 | 0.1.0 | 2.00 | 19.00 | 21.00 | OK | |
| r-release-macos-x86_64 | 0.1.0 | 3.00 | 31.00 | 34.00 | OK | |
| r-release-windows-x86_64 | 0.1.0 | 6.00 | 52.00 | 58.00 | OK | |
| r-oldrel-macos-arm64 | 0.1.0 | 2.00 | 19.00 | 21.00 | NOTE | |
| r-oldrel-macos-x86_64 | 0.1.0 | 3.00 | 27.00 | 30.00 | NOTE | |
| r-oldrel-windows-x86_64 | 0.1.0 | 9.00 | 62.00 | 71.00 | NOTE |
Version: 0.1.0
Check: LazyData
Result: NOTE
'LazyData' is specified without a 'data' directory
Flavors: r-oldrel-macos-arm64, r-oldrel-macos-x86_64, r-oldrel-windows-x86_64