CRAN Package Check Results for Package pwlmm

Last updated on 2025-11-02 11:50:31 CET.

Flavor Version Tinstall Tcheck Ttotal Status Flags
r-devel-linux-x86_64-debian-clang 1.1.1 48.55 31.47 80.02 NOTE
r-devel-linux-x86_64-debian-gcc 1.1.1 36.29 27.58 63.87 NOTE
r-devel-linux-x86_64-fedora-clang 1.1.1 76.00 43.60 119.60 NOTE
r-devel-linux-x86_64-fedora-gcc 1.1.1 226.00 -63.11 162.89 NOTE
r-devel-windows-x86_64 1.1.1 47.00 69.00 116.00 OK
r-patched-linux-x86_64 1.1.1 51.59 34.34 85.93 NOTE
r-release-linux-x86_64 1.1.1 52.71 34.27 86.98 NOTE
r-release-macos-arm64 1.1.1 22.00 25.00 47.00 OK
r-release-macos-x86_64 1.1.1 45.00 97.00 142.00 OK
r-release-windows-x86_64 1.1.1 45.00 66.00 111.00 OK
r-oldrel-macos-arm64 1.1.1 20.00 26.00 46.00 NOTE
r-oldrel-macos-x86_64 1.1.1 45.00 35.00 80.00 NOTE
r-oldrel-windows-x86_64 1.1.1 56.00 86.00 142.00 OK

Check Details

Version: 1.1.1
Check: for unstated dependencies in ‘demo’
Result: NOTE 'library' or 'require' calls not declared from: ‘Hmisc’ ‘car’ ‘dplyr’ ‘ggplot2’ Flavors: r-devel-linux-x86_64-debian-clang, r-devel-linux-x86_64-debian-gcc, r-patched-linux-x86_64, r-release-linux-x86_64

Version: 1.1.1
Check: dependencies in R code
Result: NOTE Namespaces in Imports field not imported from: ‘Rcpp’ ‘RcppEigen’ All declared Imports should be used. Flavors: r-devel-linux-x86_64-fedora-clang, r-devel-linux-x86_64-fedora-gcc

Version: 1.1.1
Check: installed package size
Result: NOTE installed size is 23.4Mb sub-directories of 1Mb or more: libs 23.2Mb Flavors: r-oldrel-macos-arm64, r-oldrel-macos-x86_64