Last updated on 2025-11-20 11:51:20 CET.
| Flavor | Version | Tinstall | Tcheck | Ttotal | Status | Flags |
|---|---|---|---|---|---|---|
| r-devel-linux-x86_64-debian-clang | 0.6.1 | 6.14 | 80.29 | 86.43 | NOTE | |
| r-devel-linux-x86_64-debian-gcc | 0.6.1 | 4.72 | 55.04 | 59.76 | NOTE | |
| r-devel-linux-x86_64-fedora-clang | 0.6.1 | 16.00 | 117.12 | 133.12 | NOTE | |
| r-devel-linux-x86_64-fedora-gcc | 0.6.1 | 19.00 | 125.93 | 144.93 | NOTE | |
| r-devel-windows-x86_64 | 0.6.1 | 11.00 | 101.00 | 112.00 | NOTE | --no-vignettes |
| r-patched-linux-x86_64 | 0.6.1 | 6.59 | 71.01 | 77.60 | NOTE | |
| r-release-linux-x86_64 | 0.6.1 | 5.57 | 70.48 | 76.05 | NOTE | |
| r-release-macos-arm64 | 0.6.1 | NOTE | ||||
| r-release-macos-x86_64 | 0.6.1 | 4.00 | 95.00 | 99.00 | NOTE | |
| r-release-windows-x86_64 | 0.6.1 | 8.00 | 121.00 | 129.00 | NOTE | --no-vignettes |
| r-oldrel-macos-arm64 | 0.6.1 | NOTE | ||||
| r-oldrel-macos-x86_64 | 0.6.1 | 6.00 | 80.00 | 86.00 | NOTE | |
| r-oldrel-windows-x86_64 | 0.6.1 | 11.00 | 110.00 | 121.00 | NOTE | --no-vignettes |
Version: 0.6.1
Check: Rd files
Result: NOTE
checkRd: (-1) dprime.Rd:37: Lost braces in \itemize; \value handles \item{}{} directly
checkRd: (-1) dprime.Rd:38: Lost braces in \itemize; \value handles \item{}{} directly
checkRd: (-1) dprime.Rd:39: Lost braces in \itemize; \value handles \item{}{} directly
checkRd: (-1) dprime.Rd:40: Lost braces in \itemize; \value handles \item{}{} directly
checkRd: (-1) dprime.Rd:41: Lost braces in \itemize; \value handles \item{}{} directly
Flavors: r-devel-linux-x86_64-debian-clang, r-devel-linux-x86_64-debian-gcc, r-devel-linux-x86_64-fedora-clang, r-devel-linux-x86_64-fedora-gcc, r-patched-linux-x86_64, r-release-linux-x86_64, r-release-macos-arm64, r-release-macos-x86_64, r-oldrel-macos-arm64, r-oldrel-macos-x86_64
Version: 0.6.1
Flags: --no-vignettes
Check: Rd files
Result: NOTE
checkRd: (-1) dprime.Rd:37: Lost braces in \itemize; \value handles \item{}{} directly
checkRd: (-1) dprime.Rd:38: Lost braces in \itemize; \value handles \item{}{} directly
checkRd: (-1) dprime.Rd:39: Lost braces in \itemize; \value handles \item{}{} directly
checkRd: (-1) dprime.Rd:40: Lost braces in \itemize; \value handles \item{}{} directly
checkRd: (-1) dprime.Rd:41: Lost braces in \itemize; \value handles \item{}{} directly
Flavors: r-devel-windows-x86_64, r-release-windows-x86_64, r-oldrel-windows-x86_64