Last updated on 2025-11-12 10:52:53 CET.
| Flavor | Version | Tinstall | Tcheck | Ttotal | Status | Flags |
|---|---|---|---|---|---|---|
| r-devel-linux-x86_64-debian-clang | 0.10.1 | 693.76 | 44.48 | 738.24 | OK | |
| r-devel-linux-x86_64-debian-gcc | 0.10.1 | 539.24 | 35.09 | 574.33 | OK | |
| r-devel-linux-x86_64-fedora-clang | 0.10.1 | 720.00 | 542.59 | 1262.59 | OK | |
| r-devel-linux-x86_64-fedora-gcc | 0.10.1 | 449.00 | 765.47 | 1214.47 | OK | |
| r-devel-windows-x86_64 | 0.10.1 | 427.00 | 160.00 | 587.00 | OK | |
| r-patched-linux-x86_64 | 0.10.1 | 699.53 | 40.33 | 739.86 | OK | |
| r-release-linux-x86_64 | 0.10.1 | 702.38 | 40.47 | 742.85 | OK | |
| r-release-macos-arm64 | 0.10.1 | 197.00 | 57.00 | 254.00 | OK | |
| r-release-macos-x86_64 | 0.10.1 | 219.00 | 55.00 | 274.00 | OK | |
| r-release-windows-x86_64 | 0.10.1 | 438.00 | 168.00 | 606.00 | OK | |
| r-oldrel-macos-arm64 | 0.10.1 | 179.00 | 47.00 | 226.00 | NOTE | |
| r-oldrel-macos-x86_64 | 0.10.1 | 168.00 | 59.00 | 227.00 | NOTE | |
| r-oldrel-windows-x86_64 | 0.10.1 | 501.00 | 280.00 | 781.00 | NOTE |
Version: 0.10.1
Check: installed package size
Result: NOTE
installed size is 29.6Mb
sub-directories of 1Mb or more:
libs 29.4Mb
Flavors: r-oldrel-macos-arm64, r-oldrel-macos-x86_64, r-oldrel-windows-x86_64