Last updated on 2025-10-31 09:50:26 CET.
| Flavor | Version | Tinstall | Tcheck | Ttotal | Status | Flags | 
|---|---|---|---|---|---|---|
| r-devel-linux-x86_64-debian-clang | 4.0.0 | 3.56 | 34.23 | 37.79 | NOTE | |
| r-devel-linux-x86_64-debian-gcc | 4.0.0 | 2.61 | 25.94 | 28.55 | NOTE | |
| r-devel-linux-x86_64-fedora-clang | 4.0.0 | 54.70 | OK | |||
| r-devel-linux-x86_64-fedora-gcc | 4.0.0 | 52.91 | OK | |||
| r-devel-windows-x86_64 | 4.0.0 | 4.00 | 56.00 | 60.00 | OK | |
| r-patched-linux-x86_64 | 4.0.0 | 3.86 | 32.34 | 36.20 | OK | |
| r-release-linux-x86_64 | 4.0.0 | 3.16 | 32.42 | 35.58 | OK | |
| r-release-macos-arm64 | 4.0.0 | 1.00 | 19.00 | 20.00 | OK | |
| r-release-macos-x86_64 | 4.0.0 | 3.00 | 29.00 | 32.00 | OK | |
| r-release-windows-x86_64 | 4.0.0 | 5.00 | 76.00 | 81.00 | OK | |
| r-oldrel-macos-arm64 | 4.0.0 | 2.00 | 18.00 | 20.00 | OK | |
| r-oldrel-macos-x86_64 | 4.0.0 | 2.00 | 26.00 | 28.00 | OK | |
| r-oldrel-windows-x86_64 | 4.0.0 | 6.00 | 71.00 | 77.00 | OK | 
Version: 4.0.0
Check: CRAN incoming feasibility
Result: NOTE
  Maintainer: ‘Chao Deng <chaodeng@usc.edu>’
  
  No Authors@R field in DESCRIPTION.
  Please add one, modifying
    Authors@R: c(person(given = "Chao",
                        family = "Deng",
                        role = c("aut", "cre"),
                        email = "chaodeng@usc.edu"),
                 person(given = "Timothy",
                        family = "Daley",
                        role = "aut"),
                 person(given = c("Andrew", "D."),
                        family = "Smith",
                        role = "aut"))
  as necessary.
  
  Package CITATION file contains call(s) to old-style personList() or
  as.personList().  Please use c() on person objects instead.
  Package CITATION file contains call(s) to old-style citEntry().  Please
  use bibentry() instead.
  
  The Description field contains
    Deng C, et al. (2018) <arXiv:1607.02804v3>.
  Please refer to arXiv e-prints via their arXiv DOI <doi:10.48550/arXiv.YYMM.NNNNN>.
  
  Found the following \keyword or \concept entries
  which likely give several index terms:
    File ‘bbc.rSAC.Rd’:
      \keyword{ estimator, r-SAC, nonparametric }
    File ‘cs.rSAC.Rd’:
      \keyword{ estimator, r-SAC, nonparametric }
    File ‘ds.rSAC.Rd’:
      \keyword{ estimator, r-SAC, RFA, nonparametric}
    File ‘ds.rSAC.bootsrap.Rd’:
      \keyword{ estimator, r-SAC, RFA, bootstrap, nonpar [TRUNCATED]
    File ‘fisher.rSAC.Rd’:
      \keyword{ estimator, r-SAC, parametric }
    File ‘kmer.frac.curve.Rd’:
      \keyword{k-mer, sample coverage, high-throughput,  [TRUNCATED]
    File ‘kmer.frac.curve.bootstrap.Rd’:
      \keyword{k-mer, sample coverage, bootstrap, high-t [TRUNCATED]
    File ‘preseqR.interpolate.rSAC.Rd’:
      \keyword{ interpolation, r-SAC}
    File ‘preseqR.optimal.sequencing.Rd’:
      \keyword{WGS, high-throughput, benefit-cost ratio} [TRUNCATED]
    File ‘preseqR.rSAC.Rd’:
      \keyword{ estimator, r-SAC, RFA, ZTNB, best practi [TRUNCATED]
    File ‘preseqR.rSAC.bootstrap.Rd’:
      \keyword{ estimator, r-SAC, bootstrap, best practi [TRUNCATED]
    File ‘preseqR.rSAC.sequencing.rmdup.Rd’:
      \keyword{r-SAC, duplicates, WES, WGS, high-through [TRUNCATED]
    File ‘preseqR.sample.cov.Rd’:
      \keyword{ estimator, RFA, sample coverage}
    File ‘preseqR.sample.cov.bootstrap.Rd’:
      \keyword{ estimator, RFA, bootstrap, sample covera [TRUNCATED]
    File ‘preseqR.simu.hist.Rd’:
      \keyword{ simulation, sampling, mixture of Poisson [TRUNCATED]
    File ‘preseqR.ztnb.em.Rd’:
      \keyword{ negative binomial, EM}
    File ‘ztnb.rSAC.Rd’:
      \keyword{ estimator, r-SAC, parametric, negative b [TRUNCATED]
    File ‘ztp.rSAC.Rd’:
      \keyword{ estimator, r-SAC, parametric, Poisson}
Flavors: r-devel-linux-x86_64-debian-clang, r-devel-linux-x86_64-debian-gcc