Last updated on 2025-10-22 09:50:46 CEST.
Flavor | Version | Tinstall | Tcheck | Ttotal | Status | Flags |
---|---|---|---|---|---|---|
r-devel-linux-x86_64-debian-clang | 1.0.0 | 4.84 | 44.95 | 49.79 | NOTE | |
r-devel-linux-x86_64-debian-gcc | 1.0.0 | 2.92 | 32.51 | 35.43 | NOTE | |
r-devel-linux-x86_64-fedora-clang | 1.0.0 | 23.00 | 58.25 | 81.25 | OK | |
r-devel-linux-x86_64-fedora-gcc | 1.0.0 | 72.64 | OK | |||
r-devel-windows-x86_64 | 1.0.0 | 6.00 | 63.00 | 69.00 | OK | |
r-patched-linux-x86_64 | 1.0.0 | 5.20 | 42.59 | 47.79 | OK | |
r-release-linux-x86_64 | 1.0.0 | 3.35 | 42.33 | 45.68 | OK | |
r-release-macos-arm64 | 1.0.0 | 3.00 | 23.00 | 26.00 | OK | |
r-release-macos-x86_64 | 1.0.0 | 4.00 | 41.00 | 45.00 | OK | |
r-release-windows-x86_64 | 1.0.0 | 7.00 | 65.00 | 72.00 | OK | |
r-oldrel-macos-arm64 | 1.0.0 | 2.00 | 25.00 | 27.00 | OK | |
r-oldrel-macos-x86_64 | 1.0.0 | 9.00 | 62.00 | 71.00 | OK | |
r-oldrel-windows-x86_64 | 1.0.0 | 7.00 | 76.00 | 83.00 | OK |
Version: 1.0.0
Check: HTML version of manual
Result: NOTE
Found the following HTML validation problems:
JEvalMstep.html:81:1 (JEvalMstep.Rd:26): Warning: missing </ul> before </div>
VEstep.html:74:1 (VEstep.Rd:24): Warning: missing </ul> before </div>
correctTau.html:46:1 (correctTau.Rd:10): Warning: missing </ul> before </div>
mainVEMPar.html:93:1 (mainVEMPar.Rd:39): Warning: missing </ul> before </div>
tauUpdate.html:74:1 (tauUpdate.Rd:24): Warning: missing </ul> before </div>
Flavors: r-devel-linux-x86_64-debian-clang, r-devel-linux-x86_64-debian-gcc