Last updated on 2025-11-23 12:49:58 CET.
| Flavor | Version | Tinstall | Tcheck | Ttotal | Status | Flags |
|---|---|---|---|---|---|---|
| r-devel-linux-x86_64-debian-clang | 1.0 | 2.64 | 25.83 | 28.47 | NOTE | |
| r-devel-linux-x86_64-debian-gcc | 1.0 | 2.17 | 20.57 | 22.74 | NOTE | |
| r-devel-linux-x86_64-fedora-clang | 1.0 | 42.69 | OK | |||
| r-devel-linux-x86_64-fedora-gcc | 1.0 | 39.83 | OK | |||
| r-devel-windows-x86_64 | 1.0 | 5.00 | 44.00 | 49.00 | OK | |
| r-patched-linux-x86_64 | 1.0 | 2.90 | 24.05 | 26.95 | OK | |
| r-release-linux-x86_64 | 1.0 | 2.78 | 24.13 | 26.91 | OK | |
| r-release-macos-arm64 | 1.0 | OK | ||||
| r-release-macos-x86_64 | 1.0 | 3.00 | 34.00 | 37.00 | OK | |
| r-release-windows-x86_64 | 1.0 | 3.00 | 42.00 | 45.00 | OK | |
| r-oldrel-macos-arm64 | 1.0 | OK | ||||
| r-oldrel-macos-x86_64 | 1.0 | 2.00 | 30.00 | 32.00 | OK | |
| r-oldrel-windows-x86_64 | 1.0 | 3.00 | 44.00 | 47.00 | OK |
Version: 1.0
Check: CRAN incoming feasibility
Result: NOTE
Maintainer: ‘Di Shu <shudi1991@gmail.com>’
No Authors@R field in DESCRIPTION.
Please add one, modifying
Authors@R: c(person(given = "Di",
family = "Shu",
role = c("aut", "cre"),
email = "shudi1991@gmail.com"),
person(given = "Sengwee",
family = "Toh",
role = "aut",
email = "darren_toh@harvardpilgrim.org"))
as necessary.
Flavors: r-devel-linux-x86_64-debian-clang, r-devel-linux-x86_64-debian-gcc