Last updated on 2025-11-27 11:50:11 CET.
| Flavor | Version | Tinstall | Tcheck | Ttotal | Status | Flags |
|---|---|---|---|---|---|---|
| r-devel-linux-x86_64-debian-clang | 0.6.1.3 | 1.50 | 23.25 | 24.75 | NOTE | |
| r-devel-linux-x86_64-debian-gcc | 0.6.1.3 | 1.50 | 18.52 | 20.02 | NOTE | |
| r-devel-linux-x86_64-fedora-clang | 0.6.1.3 | 34.85 | OK | |||
| r-devel-linux-x86_64-fedora-gcc | 0.6.1.3 | 32.47 | OK | |||
| r-devel-windows-x86_64 | 0.6.1.3 | 4.00 | 40.00 | 44.00 | OK | |
| r-patched-linux-x86_64 | 0.6.1.3 | 1.71 | 20.24 | 21.95 | OK | |
| r-release-linux-x86_64 | 0.6.1.3 | 1.55 | 20.11 | 21.66 | OK | |
| r-release-macos-arm64 | 0.6.1.3 | OK | ||||
| r-release-macos-x86_64 | 0.6.1.3 | 2.00 | 24.00 | 26.00 | OK | |
| r-release-windows-x86_64 | 0.6.1.3 | 3.00 | 40.00 | 43.00 | OK | |
| r-oldrel-macos-arm64 | 0.6.1.3 | OK | ||||
| r-oldrel-macos-x86_64 | 0.6.1.3 | 2.00 | 25.00 | 27.00 | OK | |
| r-oldrel-windows-x86_64 | 0.6.1.3 | 3.00 | 48.00 | 51.00 | OK |
Version: 0.6.1.3
Check: CRAN incoming feasibility
Result: NOTE
Maintainer: ‘Kun Ren <ken@renkun.me>’
No Authors@R field in DESCRIPTION.
Please add one, modifying
Authors@R: person(given = "Kun",
family = "Ren",
role = c("aut", "cre"),
email = "ken@renkun.me")
as necessary.
Flavors: r-devel-linux-x86_64-debian-clang, r-devel-linux-x86_64-debian-gcc