Last updated on 2025-11-11 10:50:10 CET.
| Flavor | Version | Tinstall | Tcheck | Ttotal | Status | Flags |
|---|---|---|---|---|---|---|
| r-devel-linux-x86_64-debian-clang | 0.1.1 | 27.80 | 153.21 | 181.01 | OK | |
| r-devel-linux-x86_64-debian-gcc | 0.1.1 | 22.20 | 108.22 | 130.42 | OK | |
| r-devel-linux-x86_64-fedora-clang | 0.1.1 | 67.00 | 246.57 | 313.57 | OK | |
| r-devel-linux-x86_64-fedora-gcc | 0.1.1 | 66.00 | 325.15 | 391.15 | OK | |
| r-devel-windows-x86_64 | 0.1.1 | 34.00 | 260.00 | 294.00 | OK | |
| r-patched-linux-x86_64 | 0.1.1 | 30.44 | 144.98 | 175.42 | OK | |
| r-release-linux-x86_64 | 0.1.1 | 28.63 | 145.39 | 174.02 | OK | |
| r-release-macos-arm64 | 0.1.1 | 21.00 | 122.00 | 143.00 | OK | |
| r-release-macos-x86_64 | 0.1.1 | 29.00 | 197.00 | 226.00 | OK | |
| r-release-windows-x86_64 | 0.1.1 | 36.00 | 273.00 | 309.00 | OK | |
| r-oldrel-macos-arm64 | 0.1.1 | 20.00 | 107.00 | 127.00 | NOTE | |
| r-oldrel-macos-x86_64 | 0.1.1 | 30.00 | 208.00 | 238.00 | NOTE | |
| r-oldrel-windows-x86_64 | 0.1.1 | 46.00 | 310.00 | 356.00 | NOTE |
Version: 0.1.1
Check: installed package size
Result: NOTE
installed size is 5.3Mb
sub-directories of 1Mb or more:
data 1.6Mb
doc 2.1Mb
Flavors: r-oldrel-macos-arm64, r-oldrel-macos-x86_64, r-oldrel-windows-x86_64