Last updated on 2025-07-27 10:49:28 CEST.
Flavor | Version | Tinstall | Tcheck | Ttotal | Status | Flags |
---|---|---|---|---|---|---|
r-devel-linux-x86_64-debian-clang | 0.1.1 | 25.78 | 229.99 | 255.77 | NOTE | |
r-devel-linux-x86_64-debian-gcc | 0.1.1 | 20.55 | 160.70 | 181.25 | NOTE | |
r-devel-linux-x86_64-fedora-clang | 0.1.1 | 370.39 | OK | |||
r-devel-linux-x86_64-fedora-gcc | 0.1.1 | 369.99 | OK | |||
r-devel-windows-x86_64 | 0.1.1 | 27.00 | 206.00 | 233.00 | OK | |
r-patched-linux-x86_64 | 0.1.1 | 23.24 | 216.18 | 239.42 | OK | |
r-release-linux-x86_64 | 0.1.1 | 25.03 | 215.57 | 240.60 | OK | |
r-release-macos-arm64 | 0.1.1 | 107.00 | OK | |||
r-release-macos-x86_64 | 0.1.1 | 237.00 | OK | |||
r-release-windows-x86_64 | 0.1.1 | 26.00 | 189.00 | 215.00 | OK | |
r-oldrel-macos-arm64 | 0.1.1 | 105.00 | OK | |||
r-oldrel-macos-x86_64 | 0.1.1 | 158.00 | OK | |||
r-oldrel-windows-x86_64 | 0.1.1 | 34.00 | 248.00 | 282.00 | OK |
Version: 0.1.1
Check: CRAN incoming feasibility
Result: NOTE
Maintainer: ‘Julia Fukuyama <julia.fukuyama@gmail.com>’
No Authors@R field in DESCRIPTION.
Please add one, modifying
Authors@R: person(given = "Julia",
family = "Fukuyama",
role = c("aut", "cre"),
email = "julia.fukuyama@gmail.com")
as necessary.
Flavors: r-devel-linux-x86_64-debian-clang, r-devel-linux-x86_64-debian-gcc