Last updated on 2025-11-14 10:50:04 CET.
| Flavor | Version | Tinstall | Tcheck | Ttotal | Status | Flags |
|---|---|---|---|---|---|---|
| r-devel-linux-x86_64-debian-clang | 2.2.2 | 359.87 | 126.55 | 486.42 | OK | |
| r-devel-linux-x86_64-debian-gcc | 2.2.2 | 282.39 | 87.32 | 369.71 | OK | |
| r-devel-linux-x86_64-fedora-clang | 2.2.2 | 332.00 | 439.94 | 771.94 | OK | |
| r-devel-linux-x86_64-fedora-gcc | 2.2.2 | 440.00 | 502.26 | 942.26 | OK | |
| r-devel-windows-x86_64 | 2.2.2 | 361.00 | 166.00 | 527.00 | OK | |
| r-patched-linux-x86_64 | 2.2.2 | 386.79 | 119.72 | 506.51 | OK | |
| r-release-linux-x86_64 | 2.2.2 | 392.36 | 119.05 | 511.41 | OK | |
| r-release-macos-arm64 | 2.2.2 | 144.00 | 72.00 | 216.00 | OK | |
| r-release-macos-x86_64 | 2.2.2 | 145.00 | 120.00 | 265.00 | OK | |
| r-release-windows-x86_64 | 2.2.2 | 362.00 | 168.00 | 530.00 | OK | |
| r-oldrel-macos-arm64 | 2.2.2 | 142.00 | 65.00 | 207.00 | NOTE | |
| r-oldrel-macos-x86_64 | 2.2.2 | 233.00 | 172.00 | 405.00 | NOTE | |
| r-oldrel-windows-x86_64 | 2.2.2 | 443.00 | 200.00 | 643.00 | OK |
Version: 2.2.2
Check: installed package size
Result: NOTE
installed size is 52.4Mb
sub-directories of 1Mb or more:
libs 51.2Mb
Flavors: r-oldrel-macos-arm64, r-oldrel-macos-x86_64