Last updated on 2025-10-22 09:50:44 CEST.
Flavor | Version | Tinstall | Tcheck | Ttotal | Status | Flags |
---|---|---|---|---|---|---|
r-devel-linux-x86_64-debian-clang | 0.2-1 | 9.11 | 74.02 | 83.13 | NOTE | |
r-devel-linux-x86_64-debian-gcc | 0.2-1 | 6.14 | 53.97 | 60.11 | NOTE | |
r-devel-linux-x86_64-fedora-clang | 0.2-1 | 21.00 | 106.05 | 127.05 | NOTE | |
r-devel-linux-x86_64-fedora-gcc | 0.2-1 | 19.00 | 103.75 | 122.75 | NOTE | |
r-devel-windows-x86_64 | 0.2-1 | 9.00 | 86.00 | 95.00 | NOTE | |
r-patched-linux-x86_64 | 0.2-1 | 7.55 | 71.33 | 78.88 | NOTE | |
r-release-linux-x86_64 | 0.2-1 | 8.72 | 70.30 | 79.02 | NOTE | |
r-release-macos-arm64 | 0.2-1 | 4.00 | 34.00 | 38.00 | NOTE | |
r-release-macos-x86_64 | 0.2-1 | 7.00 | 66.00 | 73.00 | NOTE | |
r-release-windows-x86_64 | 0.2-1 | 10.00 | 84.00 | 94.00 | NOTE | |
r-oldrel-macos-arm64 | 0.2-1 | 4.00 | 32.00 | 36.00 | NOTE | |
r-oldrel-macos-x86_64 | 0.2-1 | 6.00 | 47.00 | 53.00 | NOTE | |
r-oldrel-windows-x86_64 | 0.2-1 | 14.00 | 101.00 | 115.00 | NOTE |
Version: 0.2-1
Check: CRAN incoming feasibility
Result: NOTE
Maintainer: ‘Manuela Ott <manuela.c.ott@gmail.com>’
Package CITATION file contains call(s) to old-style citEntry(). Please
use bibentry() instead.
Found the following URLs which should use \doi (with the DOI name only):
File ‘twoby2Calibrate.Rd’:
https://doi.org/10.1080/01621459.2018.1469992
https://doi.org/10.1111/insr.12307
Flavors: r-devel-linux-x86_64-debian-clang, r-devel-linux-x86_64-debian-gcc
Version: 0.2-1
Check: Rd files
Result: NOTE
checkRd: (-1) twoby2Calibrate.Rd:84: Lost braces in \itemize; meant \describe ?
checkRd: (-1) twoby2Calibrate.Rd:85-86: Lost braces in \itemize; meant \describe ?
checkRd: (-1) twoby2Calibrate.Rd:87-92: Lost braces in \itemize; meant \describe ?
checkRd: (-1) twoby2Calibrate.Rd:97-100: Lost braces in \itemize; meant \describe ?
checkRd: (-1) twoby2Calibrate.Rd:101-103: Lost braces in \itemize; meant \describe ?
checkRd: (-1) twoby2Calibrate.Rd:104-107: Lost braces in \itemize; meant \describe ?
checkRd: (-1) twoby2Calibrate.Rd:108-110: Lost braces in \itemize; meant \describe ?
checkRd: (-1) twoby2Calibrate.Rd:111-116: Lost braces in \itemize; meant \describe ?
Flavors: r-devel-linux-x86_64-debian-clang, r-devel-linux-x86_64-debian-gcc, r-devel-linux-x86_64-fedora-clang, r-devel-linux-x86_64-fedora-gcc, r-devel-windows-x86_64, r-patched-linux-x86_64, r-release-linux-x86_64, r-release-macos-arm64, r-release-macos-x86_64, r-release-windows-x86_64, r-oldrel-macos-arm64, r-oldrel-macos-x86_64, r-oldrel-windows-x86_64