Last updated on 2025-11-25 11:51:57 CET.
| Flavor | Version | Tinstall | Tcheck | Ttotal | Status | Flags |
|---|---|---|---|---|---|---|
| r-devel-linux-x86_64-debian-clang | 0.3.0 | 0.36 | 3.22 | 3.58 | ERROR | |
| r-devel-linux-x86_64-debian-gcc | 0.3.0 | 0.31 | 2.49 | 2.80 | ERROR | |
| r-devel-linux-x86_64-fedora-clang | 0.3.0 | 2.60 | ERROR | |||
| r-devel-linux-x86_64-fedora-gcc | 0.3.0 | 2.61 | ERROR | |||
| r-devel-windows-x86_64 | 0.3.0 | 7.00 | 71.00 | 78.00 | OK | |
| r-patched-linux-x86_64 | 0.3.0 | 5.21 | 50.03 | 55.24 | OK | |
| r-release-linux-x86_64 | 0.3.0 | 4.29 | 49.61 | 53.90 | OK | |
| r-release-macos-arm64 | 0.3.0 | OK | ||||
| r-release-macos-x86_64 | 0.3.0 | 5.00 | 72.00 | 77.00 | OK | |
| r-release-windows-x86_64 | 0.3.0 | 6.00 | 78.00 | 84.00 | OK | |
| r-oldrel-macos-arm64 | 0.3.0 | OK | ||||
| r-oldrel-macos-x86_64 | 0.3.0 | 4.00 | 93.00 | 97.00 | OK | |
| r-oldrel-windows-x86_64 | 0.3.0 | 8.00 | 84.00 | 92.00 | OK |
Version: 0.3.0
Check: package dependencies
Result: ERROR
Package required but not available: ‘geojsonsf’
See section ‘The DESCRIPTION file’ in the ‘Writing R Extensions’
manual.
Flavors: r-devel-linux-x86_64-debian-clang, r-devel-linux-x86_64-debian-gcc, r-devel-linux-x86_64-fedora-clang, r-devel-linux-x86_64-fedora-gcc