CRAN Package Check Results for Package ordPens

Last updated on 2025-11-16 09:49:35 CET.

Flavor Version Tinstall Tcheck Ttotal Status Flags
r-devel-linux-x86_64-debian-clang 1.1.0 11.07 379.38 390.45 NOTE
r-devel-linux-x86_64-debian-gcc 1.1.0 7.18 256.48 263.66 NOTE
r-devel-linux-x86_64-fedora-clang 1.1.0 21.00 442.99 463.99 OK
r-devel-linux-x86_64-fedora-gcc 1.1.0 25.00 561.29 586.29 OK
r-devel-windows-x86_64 1.1.0 14.00 364.00 378.00 NOTE
r-patched-linux-x86_64 1.1.0 11.37 378.02 389.39 NOTE
r-release-linux-x86_64 1.1.0 10.40 378.90 389.30 NOTE
r-release-macos-arm64 1.1.0 5.00 176.00 181.00 OK
r-release-macos-x86_64 1.1.0 10.00 395.00 405.00 OK
r-release-windows-x86_64 1.1.0 13.00 361.00 374.00 NOTE
r-oldrel-macos-arm64 1.1.0 5.00 163.00 168.00 OK
r-oldrel-macos-x86_64 1.1.0 7.00 263.00 270.00 OK
r-oldrel-windows-x86_64 1.1.0 18.00 499.00 517.00 OK

Check Details

Version: 1.1.0
Check: Rd cross-references
Result: NOTE Found the following Rd file(s) with Rd \link{} targets missing package anchors: ordAOV.Rd: LRTSim, RLRTSim, RLRsim, exactLRT, exactRLRT ordGene.Rd: LRTSim, RLRTSim ordSmooth.Rd: gam, mgcv Please provide package anchors for all Rd \link{} targets not in the package itself and the base packages. Flavors: r-devel-linux-x86_64-debian-clang, r-devel-linux-x86_64-debian-gcc, r-devel-windows-x86_64, r-patched-linux-x86_64, r-release-linux-x86_64, r-release-windows-x86_64