CRAN Package Check Results for Package optional

Last updated on 2025-10-22 09:50:43 CEST.

Flavor Version Tinstall Tcheck Ttotal Status Flags
r-devel-linux-x86_64-debian-clang 2.0.1 1.66 24.69 26.35 NOTE
r-devel-linux-x86_64-debian-gcc 2.0.1 1.43 20.15 21.58 NOTE
r-devel-linux-x86_64-fedora-clang 2.0.1 39.71 OK
r-devel-linux-x86_64-fedora-gcc 2.0.1 51.91 OK
r-devel-windows-x86_64 2.0.1 3.00 43.00 46.00 OK
r-patched-linux-x86_64 2.0.1 1.78 23.32 25.10 OK
r-release-linux-x86_64 2.0.1 1.70 23.36 25.06 OK
r-release-macos-arm64 2.0.1 1.00 22.00 23.00 OK
r-release-macos-x86_64 2.0.1 2.00 37.00 39.00 OK
r-release-windows-x86_64 2.0.1 3.00 46.00 49.00 OK
r-oldrel-macos-arm64 2.0.1 1.00 24.00 25.00 OK
r-oldrel-macos-x86_64 2.0.1 1.00 28.00 29.00 OK
r-oldrel-windows-x86_64 2.0.1 3.00 50.00 53.00 OK

Check Details

Version: 2.0.1
Check: CRAN incoming feasibility
Result: NOTE Maintainer: ‘Antoine Champion <antoine.champion@outlook.com>’ No Authors@R field in DESCRIPTION. Please add one, modifying Authors@R: person(given = "Antoine", family = "Champion", role = c("aut", "cre"), email = "antoine.champion@outlook.com") as necessary. Flavors: r-devel-linux-x86_64-debian-clang, r-devel-linux-x86_64-debian-gcc