Last updated on 2025-10-01 10:49:55 CEST.
Flavor | Version | Tinstall | Tcheck | Ttotal | Status | Flags |
---|---|---|---|---|---|---|
r-devel-linux-x86_64-debian-clang | 2.2.14 | 4.62 | 38.44 | 43.06 | OK | |
r-devel-linux-x86_64-debian-gcc | 2.2.14 | 3.27 | 29.48 | 32.75 | OK | |
r-devel-linux-x86_64-fedora-clang | 2.2.14 | 66.83 | OK | |||
r-devel-linux-x86_64-fedora-gcc | 2.2.14 | 76.19 | OK | |||
r-devel-windows-x86_64 | 2.2.14 | 7.00 | 55.00 | 62.00 | OK | |
r-patched-linux-x86_64 | 2.2.14 | 4.36 | 35.82 | 40.18 | OK | |
r-release-linux-x86_64 | 2.2.14 | 3.67 | 36.13 | 39.80 | OK | |
r-release-macos-arm64 | 2.2.14 | 33.00 | OK | |||
r-release-macos-x86_64 | 2.2.14 | 97.00 | OK | |||
r-release-windows-x86_64 | 2.2.14 | 8.00 | 55.00 | 63.00 | OK | |
r-oldrel-macos-arm64 | 2.2.14 | 29.00 | OK | |||
r-oldrel-macos-x86_64 | 2.2.14 | 55.00 | OK | |||
r-oldrel-windows-x86_64 | 2.2.14 | 14.00 | 63.00 | 77.00 | NOTE |
Version: 2.2.14
Check: package dependencies
Result: NOTE
Package suggested but not available for checking: 'unix'
Flavor: r-oldrel-windows-x86_64