Last updated on 2025-11-02 11:50:29 CET.
| Flavor | Version | Tinstall | Tcheck | Ttotal | Status | Flags |
|---|---|---|---|---|---|---|
| r-devel-linux-x86_64-debian-clang | 2.12 | 2.23 | 46.63 | 48.86 | NOTE | |
| r-devel-linux-x86_64-debian-gcc | 2.12 | 1.96 | 35.41 | 37.37 | NOTE | |
| r-devel-linux-x86_64-fedora-clang | 2.12 | 72.90 | OK | |||
| r-devel-linux-x86_64-fedora-gcc | 2.12 | 84.89 | OK | |||
| r-devel-windows-x86_64 | 2.12 | 3.00 | 64.00 | 67.00 | OK | |
| r-patched-linux-x86_64 | 2.12 | 2.12 | 44.60 | 46.72 | OK | |
| r-release-linux-x86_64 | 2.12 | 1.92 | 45.00 | 46.92 | OK | |
| r-release-macos-arm64 | 2.12 | 1.00 | 31.00 | 32.00 | OK | |
| r-release-macos-x86_64 | 2.12 | 2.00 | 54.00 | 56.00 | OK | |
| r-release-windows-x86_64 | 2.12 | 3.00 | 62.00 | 65.00 | OK | |
| r-oldrel-macos-arm64 | 2.12 | 1.00 | 29.00 | 30.00 | OK | |
| r-oldrel-macos-x86_64 | 2.12 | 2.00 | 45.00 | 47.00 | OK | |
| r-oldrel-windows-x86_64 | 2.12 | 4.00 | 73.00 | 77.00 | OK |
Version: 2.12
Check: CRAN incoming feasibility
Result: NOTE
Maintainer: ‘Daniel Greene <dg333@cam.ac.uk>’
No Authors@R field in DESCRIPTION.
Please add one, modifying
Authors@R: person(given = "Daniel",
family = "Greene",
role = c("aut", "cre"),
email = "dg333@cam.ac.uk")
as necessary.
Flavors: r-devel-linux-x86_64-debian-clang, r-devel-linux-x86_64-debian-gcc